Last updated on 2023-02-07 00:54:31 CET.
Flavor | Version | Tinstall | Tcheck | Ttotal | Status | Flags |
---|---|---|---|---|---|---|
r-devel-linux-x86_64-debian-clang | 1.0.0 | 26.32 | 216.54 | 242.86 | NOTE | |
r-devel-linux-x86_64-debian-gcc | 1.0.0 | 17.91 | 159.18 | 177.09 | NOTE | |
r-devel-linux-x86_64-fedora-clang | 1.0.0 | 298.10 | NOTE | |||
r-devel-linux-x86_64-fedora-gcc | 1.0.0 | 295.95 | NOTE | |||
r-devel-windows-x86_64 | 1.0.0 | 28.00 | 245.00 | 273.00 | NOTE | |
r-patched-linux-x86_64 | 1.0.0 | 21.11 | 213.98 | 235.09 | NOTE | |
r-release-linux-x86_64 | 1.0.0 | 23.07 | 221.27 | 244.34 | NOTE | |
r-release-macos-arm64 | 1.0.0 | 86.00 | NOTE | |||
r-release-macos-x86_64 | 1.0.0 | 148.00 | NOTE | |||
r-release-windows-x86_64 | 1.0.0 | 35.00 | 255.00 | 290.00 | NOTE | |
r-oldrel-macos-arm64 | 1.0.0 | 114.00 | NOTE | |||
r-oldrel-macos-x86_64 | 1.0.0 | 207.00 | NOTE | |||
r-oldrel-windows-ix86+x86_64 | 1.0.0 | 57.00 | 232.00 | 289.00 | NOTE |
Version: 1.0.0
Check: LazyData
Result: NOTE
'LazyData' is specified without a 'data' directory
Flavors: r-devel-linux-x86_64-debian-clang, r-devel-linux-x86_64-debian-gcc, r-devel-linux-x86_64-fedora-clang, r-devel-linux-x86_64-fedora-gcc, r-devel-windows-x86_64, r-patched-linux-x86_64, r-release-linux-x86_64, r-release-macos-arm64, r-release-macos-x86_64, r-release-windows-x86_64, r-oldrel-macos-arm64, r-oldrel-macos-x86_64, r-oldrel-windows-ix86+x86_64
Version: 1.0.0
Check: dependencies in R code
Result: NOTE
Namespaces in Imports field not imported from:
‘pls’ ‘tibble’
All declared Imports should be used.
Flavors: r-devel-linux-x86_64-fedora-clang, r-devel-linux-x86_64-fedora-gcc, r-release-macos-arm64, r-release-macos-x86_64, r-oldrel-macos-arm64, r-oldrel-macos-x86_64