Last updated on 2023-11-30 08:50:11 CET.
Flavor | Version | Tinstall | Tcheck | Ttotal | Status | Flags |
---|---|---|---|---|---|---|
r-devel-linux-x86_64-debian-clang | 0.1.0 | 13.21 | 273.26 | 286.47 | OK | |
r-devel-linux-x86_64-debian-gcc | 0.1.0 | 9.86 | 207.12 | 216.98 | OK | |
r-devel-linux-x86_64-fedora-clang | 0.1.0 | 359.36 | OK | |||
r-devel-linux-x86_64-fedora-gcc | 0.1.0 | 383.66 | OK | |||
r-devel-windows-x86_64 | 0.1.0 | 15.00 | 233.00 | 248.00 | OK | |
r-patched-linux-x86_64 | 0.1.0 | 11.27 | 258.73 | 270.00 | OK | |
r-release-linux-x86_64 | 0.1.0 | 9.44 | 257.63 | 267.07 | OK | |
r-release-macos-arm64 | 0.1.0 | 103.00 | NOTE | |||
r-release-macos-x86_64 | 0.1.0 | 174.00 | NOTE | |||
r-release-windows-x86_64 | 0.1.0 | 19.00 | 295.00 | 314.00 | OK | |
r-oldrel-macos-arm64 | 0.1.0 | 86.00 | NOTE | |||
r-oldrel-macos-x86_64 | 0.1.0 | 132.00 | OK | |||
r-oldrel-windows-x86_64 | 0.1.0 | 21.00 | 294.00 | 315.00 | OK |
Version: 0.1.0
Check: installed package size
Result: NOTE
installed size is 5.1Mb
sub-directories of 1Mb or more:
data 3.1Mb
doc 1.3Mb
Flavors: r-release-macos-arm64, r-release-macos-x86_64, r-oldrel-macos-arm64