CRAN Package Check Results for Package subscreen

Last updated on 2020-10-25 01:47:49 CEST.

Flavor Version Tinstall Tcheck Ttotal Status Flags
r-devel-linux-x86_64-debian-clang 3.0.0 3.46 56.07 59.53 OK
r-devel-linux-x86_64-debian-gcc 3.0.0 3.27 37.45 40.72 OK
r-devel-linux-x86_64-fedora-clang 3.0.0 76.74 NOTE
r-devel-linux-x86_64-fedora-gcc 3.0.0 62.42 NOTE
r-devel-windows-ix86+x86_64 3.0.0 11.00 63.00 74.00 OK
r-patched-linux-x86_64 3.0.0 4.15 45.92 50.07 OK
r-patched-solaris-x86 3.0.0 105.50 NOTE
r-release-linux-x86_64 3.0.0 3.32 46.32 49.64 OK
r-release-macos-x86_64 3.0.0 NOTE
r-release-windows-ix86+x86_64 3.0.0 7.00 47.00 54.00 OK
r-oldrel-macos-x86_64 3.0.0 NOTE
r-oldrel-windows-ix86+x86_64 3.0.0 8.00 76.00 84.00 OK

Check Details

Version: 3.0.0
Check: dependencies in R code
Result: NOTE
    Namespaces in Imports field not imported from:
     ‘DT’ ‘V8’ ‘bsplus’ ‘colourpicker’ ‘dplyr’ ‘grDevices’ ‘graphics’
     ‘jsonlite’ ‘purrr’ ‘shinyWidgets’ ‘shinyjs’
     All declared Imports should be used.
Flavors: r-devel-linux-x86_64-fedora-clang, r-devel-linux-x86_64-fedora-gcc, r-patched-solaris-x86, r-release-macos-x86_64, r-oldrel-macos-x86_64