Last updated on 2023-06-03 08:05:58 CEST.
Flavor | Version | Tinstall | Tcheck | Ttotal | Status | Flags |
---|---|---|---|---|---|---|
r-devel-linux-x86_64-debian-clang | 0.2.6.2 | 38.38 | 395.73 | 434.11 | NOTE | |
r-devel-linux-x86_64-debian-gcc | 0.2.6.2 | 29.64 | 256.97 | 286.61 | NOTE | |
r-devel-linux-x86_64-fedora-clang | 0.2.6.2 | 557.70 | NOTE | |||
r-devel-linux-x86_64-fedora-gcc | 0.2.6.2 | 563.98 | NOTE | |||
r-devel-windows-x86_64 | 0.2.6.2 | 33.00 | 418.00 | 451.00 | NOTE | |
r-patched-linux-x86_64 | 0.2.6.2 | NOTE | ||||
r-release-linux-x86_64 | 0.2.6.2 | 31.74 | 383.19 | 414.93 | NOTE | |
r-release-macos-arm64 | 0.2.6.2 | 143.00 | NOTE | |||
r-release-macos-x86_64 | 0.2.6.2 | 262.00 | NOTE | |||
r-release-windows-x86_64 | 0.2.6.2 | 31.00 | 491.00 | 522.00 | NOTE | |
r-oldrel-macos-arm64 | 0.2.6.2 | 146.00 | OK | |||
r-oldrel-macos-x86_64 | 0.2.6.2 | 202.00 | OK | |||
r-oldrel-windows-x86_64 | 0.2.6.2 | 39.00 | 512.00 | 551.00 | OK |
Version: 0.2.6.2
Check: C++ specification
Result: NOTE
Specified C++11: please drop specification unless essential
Flavors: r-devel-linux-x86_64-debian-clang, r-devel-linux-x86_64-debian-gcc, r-devel-linux-x86_64-fedora-clang, r-devel-linux-x86_64-fedora-gcc, r-devel-windows-x86_64, r-patched-linux-x86_64, r-release-linux-x86_64, r-release-macos-arm64, r-release-macos-x86_64, r-release-windows-x86_64