CRAN Package Check Results for Package supervisedPRIM

Last updated on 2020-02-29 01:51:23 CET.

Flavor Version Tinstall Tcheck Ttotal Status Flags
r-devel-linux-x86_64-debian-clang 2.0.0 4.27 243.35 247.62 OK
r-devel-linux-x86_64-debian-gcc 2.0.0 3.71 155.30 159.01 OK
r-devel-linux-x86_64-fedora-clang 2.0.0 306.77 OK
r-devel-linux-x86_64-fedora-gcc 2.0.0 243.96 OK
r-devel-windows-ix86+x86_64 2.0.0 18.00 208.00 226.00 OK
r-devel-windows-ix86+x86_64-gcc8 2.0.0 13.00 223.00 236.00 OK
r-patched-linux-x86_64 2.0.0 3.67 193.07 196.74 OK
r-patched-solaris-x86 2.0.0 409.90 OK
r-release-linux-x86_64 2.0.0 3.53 192.86 196.39 OK
r-release-windows-ix86+x86_64 2.0.0 11.00 262.00 273.00 OK
r-release-osx-x86_64 2.0.0 WARN
r-oldrel-windows-ix86+x86_64 2.0.0 6.00 194.00 200.00 OK
r-oldrel-osx-x86_64 2.0.0 OK

Check Details

Version: 2.0.0
Check: whether package can be installed
Result: WARN
    Found the following significant warnings:
     Warning: 'rgl_init' failed, running with rgl.useNULL = TRUE
Flavor: r-release-osx-x86_64