CRAN Package Check Results for Package sure

Last updated on 2021-12-03 00:48:58 CET.

Flavor Version Tinstall Tcheck Ttotal Status Flags
r-devel-linux-x86_64-debian-clang 0.2.0 5.55 50.89 56.44 OK
r-devel-linux-x86_64-debian-gcc 0.2.0 3.50 38.54 42.04 OK
r-devel-linux-x86_64-fedora-clang 0.2.0 80.08 NOTE
r-devel-linux-x86_64-fedora-gcc 0.2.0 65.45 OK
r-devel-windows-x86_64-new-UL 0.2.0 14.00 96.00 110.00 OK
r-devel-windows-x86_64-new-TK 0.2.0 OK
r-devel-windows-x86_64-old 0.2.0 10.00 57.00 67.00 OK
r-patched-linux-x86_64 0.2.0 4.90 48.53 53.43 OK
r-patched-solaris-x86 0.2.0 94.80 OK
r-release-linux-x86_64 0.2.0 5.08 47.00 52.08 OK
r-release-macos-arm64 0.2.0 OK
r-release-macos-x86_64 0.2.0 OK
r-release-windows-ix86+x86_64 0.2.0 14.00 72.00 86.00 OK
r-oldrel-macos-x86_64 0.2.0 OK
r-oldrel-windows-ix86+x86_64 0.2.0 14.00 70.00 84.00 OK

Check Details

Version: 0.2.0
Check: Rd cross-references
Result: NOTE
    Undeclared package ‘truncdist’ in Rd xrefs
Flavor: r-devel-linux-x86_64-fedora-clang