CRAN Package Check Results for Package survHE

Last updated on 2021-11-29 00:48:43 CET.

Flavor Version Tinstall Tcheck Ttotal Status Flags
r-devel-linux-x86_64-debian-clang 1.1.2 NOTE
r-devel-linux-x86_64-debian-gcc 1.1.2 782.36 249.00 1031.36 NOTE
r-devel-linux-x86_64-fedora-clang 1.1.2 2167.34 NOTE
r-devel-linux-x86_64-fedora-gcc 1.1.2 2226.38 NOTE
r-devel-windows-x86_64-new-UL 1.1.2 874.00 593.00 1467.00 NOTE
r-devel-windows-x86_64-new-TK 1.1.2 NOTE
r-devel-windows-x86_64-old 1.1.2 1208.00 548.00 1756.00 NOTE
r-patched-linux-x86_64 1.1.2 952.72 294.97 1247.69 NOTE
r-patched-solaris-x86 1.1.2 1833.00 NOTE
r-release-linux-x86_64 1.1.2 942.20 300.25 1242.45 NOTE
r-release-macos-arm64 1.1.2 NOTE
r-release-macos-x86_64 1.1.2 NOTE
r-release-windows-ix86+x86_64 1.1.2 2411.00 377.00 2788.00 NOTE
r-oldrel-macos-x86_64 1.1.2 NOTE
r-oldrel-windows-ix86+x86_64 1.1.2 2511.00 533.00 3044.00 NOTE

Check Details

Version: 1.1.2
Check: package dependencies
Result: NOTE
    Package suggested but not available for checking: 'INLA'
Flavors: r-devel-linux-x86_64-debian-clang, r-devel-linux-x86_64-debian-gcc, r-devel-windows-x86_64-new-UL, r-devel-windows-x86_64-new-TK, r-patched-linux-x86_64, r-patched-solaris-x86, r-release-linux-x86_64, r-release-macos-arm64, r-release-macos-x86_64, r-oldrel-macos-x86_64

Version: 1.1.2
Check: for GNU extensions in Makefiles
Result: NOTE
    GNU make is a SystemRequirements.
Flavors: r-devel-linux-x86_64-debian-clang, r-devel-linux-x86_64-debian-gcc, r-devel-linux-x86_64-fedora-clang, r-devel-linux-x86_64-fedora-gcc, r-devel-windows-x86_64-new-UL, r-devel-windows-x86_64-new-TK, r-devel-windows-x86_64-old, r-patched-linux-x86_64, r-patched-solaris-x86, r-release-linux-x86_64, r-release-macos-arm64, r-release-macos-x86_64, r-release-windows-ix86+x86_64, r-oldrel-macos-x86_64, r-oldrel-windows-ix86+x86_64

Version: 1.1.2
Check: installed package size
Result: NOTE
     installed size is 126.6Mb
     sub-directories of 1Mb or more:
     libs 125.7Mb
Flavors: r-devel-linux-x86_64-fedora-clang, r-devel-windows-x86_64-new-UL, r-devel-windows-x86_64-old, r-patched-solaris-x86, r-release-macos-arm64, r-release-macos-x86_64, r-release-windows-ix86+x86_64, r-oldrel-macos-x86_64, r-oldrel-windows-ix86+x86_64

Version: 1.1.2
Check: line endings in C/C++/Fortran sources/headers
Result: NOTE
    Found the following sources/headers with CR or CRLF line endings:
     src/stan_files/Exponential.hpp
     src/stan_files/Gamma.hpp
     src/stan_files/GenF.hpp
     src/stan_files/GenGamma.hpp
     src/stan_files/Gompertz.hpp
     src/stan_files/PolyWeibull.hpp
     src/stan_files/RP.hpp
     src/stan_files/WeibullAF.hpp
     src/stan_files/WeibullPH.hpp
     src/stan_files/logLogistic.hpp
     src/stan_files/logNormal.hpp
    Some Unix compilers require LF line endings.
Flavor: r-devel-windows-x86_64-new-TK