CRAN Package Check Results for Package survSNP

Last updated on 2020-08-06 02:09:41 CEST.

Flavor Version Tinstall Tcheck Ttotal Status Flags
r-devel-linux-x86_64-debian-clang 0.24 16.78 167.68 184.46 OK
r-devel-linux-x86_64-debian-gcc 0.24 14.93 125.68 140.61 OK
r-devel-linux-x86_64-fedora-clang 0.24 230.37 NOTE
r-devel-linux-x86_64-fedora-gcc 0.24 219.20 NOTE
r-devel-windows-ix86+x86_64 0.24 51.00 203.00 254.00 OK
r-patched-linux-x86_64 0.24 17.01 166.85 183.86 OK
r-patched-solaris-x86 0.24 292.60 OK
r-release-linux-x86_64 0.24 15.74 163.03 178.77 OK
r-release-macos-x86_64 0.24 OK
r-release-windows-ix86+x86_64 0.24 46.00 264.00 310.00 OK
r-oldrel-macos-x86_64 0.24 OK
r-oldrel-windows-ix86+x86_64 0.24 32.00 251.00 283.00 OK

Check Details

Version: 0.24
Check: compiled code
Result: NOTE
    File ‘survSNP/libs/survSNP.so’:
     Found no calls to: ‘R_registerRoutines’, ‘R_useDynamicSymbols’
    
    It is good practice to register native routines and to disable symbol
    search.
    
    See ‘Writing portable packages’ in the ‘Writing R Extensions’ manual.
Flavors: r-devel-linux-x86_64-fedora-clang, r-devel-linux-x86_64-fedora-gcc