Last updated on 2023-02-07 00:54:32 CET.
Flavor | Version | Tinstall | Tcheck | Ttotal | Status | Flags |
---|---|---|---|---|---|---|
r-devel-linux-x86_64-debian-clang | 0.2.1 | 234.06 | 236.93 | 470.99 | NOTE | |
r-devel-linux-x86_64-debian-gcc | 0.2.1 | 214.85 | 187.56 | 402.41 | NOTE | |
r-devel-linux-x86_64-fedora-clang | 0.2.1 | 642.17 | NOTE | |||
r-devel-linux-x86_64-fedora-gcc | 0.2.1 | 682.49 | NOTE | |||
r-devel-windows-x86_64 | 0.2.1 | 196.00 | 331.00 | 527.00 | NOTE | |
r-patched-linux-x86_64 | 0.2.1 | 234.35 | 250.02 | 484.37 | NOTE | |
r-release-linux-x86_64 | 0.2.1 | 201.25 | 240.84 | 442.09 | NOTE | |
r-release-macos-arm64 | 0.2.1 | 147.00 | NOTE | |||
r-release-macos-x86_64 | 0.2.1 | 233.00 | NOTE | |||
r-release-windows-x86_64 | 0.2.1 | 183.00 | 369.00 | 552.00 | NOTE | |
r-oldrel-macos-arm64 | 0.2.1 | 149.00 | NOTE | |||
r-oldrel-macos-x86_64 | 0.2.1 | 243.00 | NOTE | |||
r-oldrel-windows-ix86+x86_64 | 0.2.1 | 543.00 | 415.00 | 958.00 | NOTE |
Version: 0.2.1
Check: C++ specification
Result: NOTE
Specified C++14: please update to current default of C++17
Flavors: r-devel-linux-x86_64-debian-clang, r-devel-linux-x86_64-debian-gcc, r-devel-linux-x86_64-fedora-clang, r-devel-linux-x86_64-fedora-gcc, r-devel-windows-x86_64
Version: 0.2.1
Check: for GNU extensions in Makefiles
Result: NOTE
GNU make is a SystemRequirements.
Flavors: r-devel-linux-x86_64-debian-clang, r-devel-linux-x86_64-debian-gcc, r-devel-linux-x86_64-fedora-clang, r-devel-linux-x86_64-fedora-gcc, r-devel-windows-x86_64, r-patched-linux-x86_64, r-release-linux-x86_64, r-release-macos-arm64, r-release-macos-x86_64, r-release-windows-x86_64, r-oldrel-macos-arm64, r-oldrel-macos-x86_64, r-oldrel-windows-ix86+x86_64
Version: 0.2.1
Check: dependencies in R code
Result: NOTE
Namespaces in Imports field not imported from:
‘RcppParallel’ ‘rstantools’
All declared Imports should be used.
Flavors: r-devel-linux-x86_64-fedora-clang, r-devel-linux-x86_64-fedora-gcc, r-release-macos-arm64, r-release-macos-x86_64, r-oldrel-macos-arm64, r-oldrel-macos-x86_64
Version: 0.2.1
Check: installed package size
Result: NOTE
installed size is 46.1Mb
sub-directories of 1Mb or more:
libs 44.9Mb
Flavors: r-release-macos-arm64, r-release-macos-x86_64, r-oldrel-macos-arm64, r-oldrel-macos-x86_64, r-oldrel-windows-ix86+x86_64