CRAN Package Check Results for Package surveillance

Last updated on 2020-09-24 02:57:04 CEST.

Flavor Version Tinstall Tcheck Ttotal Status Flags
r-devel-linux-x86_64-debian-clang 1.18.0 72.19 558.23 630.42 NOTE
r-devel-linux-x86_64-debian-gcc 1.18.0 60.23 415.12 475.35 NOTE
r-devel-linux-x86_64-fedora-clang 1.18.0 888.82 NOTE
r-devel-linux-x86_64-fedora-gcc 1.18.0 765.37 OK
r-devel-windows-ix86+x86_64 1.18.0 156.00 517.00 673.00 NOTE --no-vignettes
r-patched-linux-x86_64 1.18.0 72.34 533.10 605.44 NOTE
r-patched-solaris-x86 1.18.0 966.40 NOTE
r-release-linux-x86_64 1.18.0 63.37 532.82 596.19 NOTE
r-release-macos-x86_64 1.18.0 NOTE
r-release-windows-ix86+x86_64 1.18.0 129.00 676.00 805.00 NOTE --no-vignettes
r-oldrel-macos-x86_64 1.18.0 NOTE
r-oldrel-windows-ix86+x86_64 1.18.0 103.00 660.00 763.00 NOTE --no-vignettes

Check Details

Version: 1.18.0
Check: package dependencies
Result: NOTE
    Package suggested but not available for checking: 'INLA'
Flavors: r-devel-linux-x86_64-debian-clang, r-devel-linux-x86_64-debian-gcc, r-patched-linux-x86_64, r-patched-solaris-x86, r-release-linux-x86_64, r-release-macos-x86_64, r-oldrel-macos-x86_64

Version: 1.18.0
Check: installed package size
Result: NOTE
     installed size is 8.6Mb
     sub-directories of 1Mb or more:
     R 1.7Mb
     doc 2.2Mb
     libs 2.1Mb
Flavors: r-devel-linux-x86_64-fedora-clang, r-patched-solaris-x86, r-release-macos-x86_64, r-oldrel-macos-x86_64

Version: 1.18.0
Check: Rd cross-references
Result: NOTE
    Undeclared packages ‘RColorBrewer’, ‘scoringRules’, ‘coin’, ‘gtable’ in Rd xrefs
Flavor: r-devel-linux-x86_64-fedora-clang

Version: 1.18.0
Flags: --no-vignettes
Check: installed package size
Result: NOTE
     installed size is 8.6Mb
     sub-directories of 1Mb or more:
     R 1.7Mb
     doc 2.2Mb
     libs 2.2Mb
Flavors: r-devel-windows-ix86+x86_64, r-release-windows-ix86+x86_64, r-oldrel-windows-ix86+x86_64