CRAN Package Check Results for Package survivalsvm

Last updated on 2020-02-29 01:51:23 CET.

Flavor Version Tinstall Tcheck Ttotal Status Flags
r-devel-linux-x86_64-debian-clang 0.0.5 9.26 73.35 82.61 OK
r-devel-linux-x86_64-debian-gcc 0.0.5 8.34 57.47 65.81 OK
r-devel-linux-x86_64-fedora-clang 0.0.5 107.64 NOTE
r-devel-linux-x86_64-fedora-gcc 0.0.5 100.09 NOTE
r-devel-windows-ix86+x86_64 0.0.5 26.00 81.00 107.00 OK
r-devel-windows-ix86+x86_64-gcc8 0.0.5 19.00 78.00 97.00 OK
r-patched-linux-x86_64 0.0.5 8.71 65.69 74.40 OK
r-patched-solaris-x86 0.0.5 145.20 NOTE
r-release-linux-x86_64 0.0.5 7.68 67.56 75.24 OK
r-release-windows-ix86+x86_64 0.0.5 16.00 102.00 118.00 OK
r-release-osx-x86_64 0.0.5 NOTE
r-oldrel-windows-ix86+x86_64 0.0.5 12.00 71.00 83.00 OK
r-oldrel-osx-x86_64 0.0.5 NOTE

Check Details

Version: 0.0.5
Check: dependencies in R code
Result: NOTE
    Namespace in Imports field not imported from: ‘quadprog’
     All declared Imports should be used.
Flavors: r-devel-linux-x86_64-fedora-clang, r-devel-linux-x86_64-fedora-gcc, r-patched-solaris-x86, r-release-osx-x86_64, r-oldrel-osx-x86_64