CRAN Package Check Results for Package svDialogstcltk

Last updated on 2024-07-12 07:52:54 CEST.

Flavor Version Tinstall Tcheck Ttotal Status Flags
r-devel-linux-x86_64-debian-clang 1.0.0 2.79 34.25 37.04 NOTE
r-devel-linux-x86_64-debian-gcc 1.0.0 1.97 26.70 28.67 NOTE
r-devel-linux-x86_64-fedora-clang 1.0.0 49.66 NOTE
r-devel-linux-x86_64-fedora-gcc 1.0.0 58.62 NOTE
r-devel-windows-x86_64 1.0.0 3.00 49.00 52.00 NOTE
r-patched-linux-x86_64 1.0.0 4.73 32.41 37.14 NOTE
r-release-linux-x86_64 1.0.0 1.92 32.43 34.35 NOTE
r-release-macos-arm64 1.0.0 30.00 NOTE
r-release-macos-x86_64 1.0.0 42.00 NOTE
r-release-windows-x86_64 1.0.0 3.00 52.00 55.00 NOTE
r-oldrel-macos-arm64 1.0.0 27.00 OK
r-oldrel-macos-x86_64 1.0.0 46.00 OK
r-oldrel-windows-x86_64 1.0.0 4.00 53.00 57.00 OK

Check Details

Version: 1.0.0
Check: Rd files
Result: NOTE checkRd: (-1) dlg_dir.Rd:5: Lost braces; missing escapes or markup? 5 | \title{A Tcl/Tk version of the {svDialogs} directory selection dialog box} | ^ checkRd: (-1) dlg_input.Rd:5: Lost braces; missing escapes or markup? 5 | \title{A Tcl/Tk version of the {svDialogs} input a string or value dialog box} | ^ checkRd: (-1) dlg_list.Rd:5: Lost braces; missing escapes or markup? 5 | \title{A Tcl/Tk version of the {svDialogs} list selection dialog box} | ^ checkRd: (-1) dlg_list.Rd:36: Lost braces; missing escapes or markup? 36 | A Tcl/Tk version of the {svDialogs} list selection dialog box | ^ checkRd: (-1) dlg_message.Rd:5: Lost braces; missing escapes or markup? 5 | \title{A Tcl/Tk version of the {svDialogs} message box} | ^ checkRd: (-1) dlg_message.Rd:28: Lost braces; missing escapes or markup? 28 | A Tcl/Tk version of the {svDialogs} message box | ^ checkRd: (-1) dlg_open.Rd:5: Lost braces; missing escapes or markup? 5 | \title{A Tcl/Tk version of the {svDialogs} file open dialog box} | ^ checkRd: (-1) dlg_open.Rd:37: Lost braces; missing escapes or markup? 37 | A Tcl/Tk version of the {svDialogs} file open dialog box | ^ checkRd: (-1) dlg_save.Rd:5: Lost braces; missing escapes or markup? 5 | \title{A Tcl/Tk version of the {svDialogs} file save dialog box} | ^ checkRd: (-1) dlg_save.Rd:34: Lost braces; missing escapes or markup? 34 | A Tcl/Tk version of the {svDialogs} file save dialog box | ^ checkRd: (-1) svDialogstcltk-package.Rd:12: Lost braces; missing escapes or markup? 12 | Implementation of Tcl/Tk dialog boxes for {svDialogs}. When the package is | ^ Flavors: r-devel-linux-x86_64-debian-clang, r-devel-linux-x86_64-debian-gcc, r-devel-linux-x86_64-fedora-clang, r-devel-linux-x86_64-fedora-gcc, r-devel-windows-x86_64, r-patched-linux-x86_64, r-release-linux-x86_64, r-release-macos-arm64, r-release-macos-x86_64, r-release-windows-x86_64