CRAN Package Check Results for Package swephR

Last updated on 2023-06-07 08:02:04 CEST.

Flavor Version Tinstall Tcheck Ttotal Status Flags
r-devel-linux-x86_64-debian-clang 0.3.1 40.29 39.96 80.25 NOTE
r-devel-linux-x86_64-debian-gcc 0.3.1 37.15 30.82 67.97 NOTE
r-devel-linux-x86_64-fedora-clang 0.3.1 110.64 NOTE
r-devel-linux-x86_64-fedora-gcc 0.3.1 137.30 NOTE
r-devel-windows-x86_64 0.3.1 44.00 78.00 122.00 NOTE
r-patched-linux-x86_64 0.3.1 40.43 38.31 78.74 NOTE
r-release-linux-x86_64 0.3.1 38.41 38.12 76.53 NOTE
r-release-macos-arm64 0.3.1 40.00 NOTE
r-release-macos-x86_64 0.3.0 71.00 NOTE
r-release-windows-x86_64 0.3.1 47.00 89.00 136.00 NOTE
r-oldrel-macos-arm64 0.3.1 44.00 NOTE
r-oldrel-macos-x86_64 0.3.1 46.00 NOTE
r-oldrel-windows-x86_64 0.3.1 68.00 81.00 149.00 NOTE

Check Details

Version: 0.3.1
Check: package dependencies
Result: NOTE
    Package suggested but not available for checking: ‘swephRdata’
Flavors: r-devel-linux-x86_64-debian-clang, r-devel-linux-x86_64-debian-gcc, r-devel-linux-x86_64-fedora-clang, r-devel-linux-x86_64-fedora-gcc, r-devel-windows-x86_64, r-patched-linux-x86_64, r-release-linux-x86_64, r-release-macos-arm64, r-release-windows-x86_64, r-oldrel-macos-arm64, r-oldrel-macos-x86_64, r-oldrel-windows-x86_64

Version: 0.3.0
Check: package dependencies
Result: NOTE
    Package suggested but not available for checking: ‘swephRdata’
Flavor: r-release-macos-x86_64

Version: 0.3.0
Check: C++ specification
Result: NOTE
     Specified C++11: please drop specification unless essential
Flavor: r-release-macos-x86_64