Last updated on 2021-01-21 00:47:21 CET.
Flavor | Version | Tinstall | Tcheck | Ttotal | Status | Flags |
---|---|---|---|---|---|---|
r-devel-linux-x86_64-debian-clang | 0.5.0 | 15.70 | 183.14 | 198.84 | OK | |
r-devel-linux-x86_64-debian-gcc | 0.5.0 | 13.08 | 138.08 | 151.16 | OK | |
r-devel-linux-x86_64-fedora-clang | 0.5.0 | 259.88 | NOTE | |||
r-devel-linux-x86_64-fedora-gcc | 0.5.0 | 235.99 | NOTE | |||
r-devel-windows-ix86+x86_64 | 0.5.0 | 24.00 | 176.00 | 200.00 | OK | |
r-patched-linux-x86_64 | 0.5.0 | 14.08 | 174.23 | 188.31 | OK | |
r-patched-solaris-x86 | 0.5.0 | 324.80 | NOTE | |||
r-release-linux-x86_64 | 0.5.0 | 15.37 | 174.19 | 189.56 | OK | |
r-release-macos-x86_64 | 0.5.0 | NOTE | ||||
r-release-windows-ix86+x86_64 | 0.5.0 | 36.00 | 224.00 | 260.00 | OK | |
r-oldrel-macos-x86_64 | 0.5.0 | NOTE | ||||
r-oldrel-windows-ix86+x86_64 | 0.5.0 | 22.00 | 145.00 | 167.00 | OK |
Version: 0.5.0
Check: dependencies in R code
Result: NOTE
Namespace in Imports field not imported from: ‘methods’
All declared Imports should be used.
Flavors: r-devel-linux-x86_64-fedora-clang, r-devel-linux-x86_64-fedora-gcc, r-patched-solaris-x86, r-release-macos-x86_64, r-oldrel-macos-x86_64