CRAN Package Check Results for Package swissdd

Last updated on 2020-06-04 02:48:16 CEST.

Flavor Version Tinstall Tcheck Ttotal Status Flags
r-devel-linux-x86_64-debian-clang 1.0.3 4.73 44.10 48.83 OK
r-devel-linux-x86_64-debian-gcc 1.0.3 3.62 34.34 37.96 OK
r-devel-linux-x86_64-fedora-clang 1.0.3 72.34 NOTE
r-devel-linux-x86_64-fedora-gcc 1.0.3 57.40 NOTE
r-devel-windows-ix86+x86_64 1.0.3 25.00 96.00 121.00 OK
r-patched-linux-x86_64 1.0.3 4.57 43.31 47.88 OK
r-patched-solaris-x86 1.0.3 75.90 NOTE
r-release-linux-x86_64 1.0.3 4.64 42.97 47.61 OK
r-release-osx-x86_64 1.0.3 NOTE
r-release-windows-ix86+x86_64 1.0.3 12.00 60.00 72.00 OK
r-oldrel-osx-x86_64 1.0.3 NOTE
r-oldrel-windows-ix86+x86_64 1.0.3 14.00 67.00 81.00 OK

Check Details

Version: 1.0.3
Check: dependencies in R code
Result: NOTE
    Namespaces in Imports field not imported from:
     ‘curl’ ‘magrittr’
     All declared Imports should be used.
Flavors: r-devel-linux-x86_64-fedora-clang, r-devel-linux-x86_64-fedora-gcc, r-patched-solaris-x86, r-release-osx-x86_64, r-oldrel-osx-x86_64