CRAN Package Check Results for Package symmoments

Last updated on 2021-01-21 00:47:21 CET.

Flavor Version Tinstall Tcheck Ttotal Status Flags
r-devel-linux-x86_64-debian-clang 1.2.1 4.04 53.81 57.85 OK
r-devel-linux-x86_64-debian-gcc 1.2.1 3.50 41.61 45.11 OK
r-devel-linux-x86_64-fedora-clang 1.2.1 83.92 OK
r-devel-linux-x86_64-fedora-gcc 1.2.1 70.17 OK
r-devel-windows-ix86+x86_64 1.2.1 8.00 63.00 71.00 OK
r-patched-linux-x86_64 1.2.1 5.22 51.58 56.80 OK
r-patched-solaris-x86 1.2.1 89.10 OK
r-release-linux-x86_64 1.2.1 4.81 45.48 50.29 WARN
r-release-macos-x86_64 1.2.1 OK
r-release-windows-ix86+x86_64 1.2.1 7.00 75.00 82.00 OK
r-oldrel-macos-x86_64 1.2.1 OK
r-oldrel-windows-ix86+x86_64 1.2.1 6.00 50.00 56.00 OK

Check Details

Version: 1.2.1
Check: re-building of vignette outputs
Result: WARN
    Error(s) in re-building vignettes:
     ...
    --- re-building ‘symmoments.rnw’ using Sweave
    Loading required package: mvtnorm
    Loading required package: cubature
    Loading required package: combinat
    
    Attaching package: ‘combinat’
    
    The following object is masked from ‘package:utils’:
    
     combn
    
    Loading required package: multipol
    Loading required package: abind
    
    Attaching package: ‘multipol’
    
    The following object is masked from ‘package:stats’:
    
     deriv
    
    The following object is masked from ‘package:base’:
    
     single
    
    Error: processing vignette 'symmoments.rnw' failed with diagnostics:
    Running ‘texi2dvi’ on ‘symmoments.tex’ failed.
    LaTeX errors:
    ! Undefined control sequence.
    \[email protected] ...tionraw >>}\relax \[email protected]
     \@urlcolor #1\[email protected]@en...
    l.71 \begin{document}
    
    ! Undefined control sequence.
    \[email protected] ->\[email protected]
     \[email protected] \pdfendlink
    l.71 \begin{document}
    
    --- failed re-building ‘symmoments.rnw’
    
    SUMMARY: processing the following file failed:
     ‘symmoments.rnw’
    
    Error: Vignette re-building failed.
    Execution halted
Flavor: r-release-linux-x86_64