CRAN Package Check Results for Package synchronicity

Last updated on 2022-08-14 01:49:27 CEST.

Flavor Version Tinstall Tcheck Ttotal Status Flags
r-devel-linux-x86_64-debian-clang 1.3.5 25.89 30.46 56.35 OK
r-devel-linux-x86_64-debian-gcc 1.3.5 19.28 23.23 42.51 OK
r-devel-linux-x86_64-fedora-clang 1.3.5 92.15 NOTE
r-devel-linux-x86_64-fedora-gcc 1.3.5 83.95 NOTE
r-devel-windows-x86_64 1.3.5 95.00 72.00 167.00 OK
r-patched-linux-x86_64 1.3.5 27.91 28.90 56.81 OK
r-release-linux-x86_64 1.3.5 22.76 29.24 52.00 OK
r-release-macos-arm64 1.3.5 26.00 OK
r-release-macos-x86_64 1.3.5 36.00 OK
r-release-windows-x86_64 1.3.5 103.00 72.00 175.00 OK
r-oldrel-macos-arm64 1.3.5 31.00 OK
r-oldrel-macos-x86_64 1.3.5 49.00 OK
r-oldrel-windows-ix86+x86_64 1.3.5 80.00 82.00 162.00 OK

Check Details

Version: 1.3.5
Check: top-level files
Result: NOTE
     possible bashism in configure line 12 (echo -n):
     echo -n " checking for Sun Studio compiler..."
     possible bashism in configure line 22 (echo -n):
     echo -n " checking for OS..."
Flavors: r-devel-linux-x86_64-fedora-clang, r-devel-linux-x86_64-fedora-gcc