CRAN Package Check Results for Package sys

Last updated on 2021-10-23 03:29:00 CEST.

Flavor Version Tinstall Tcheck Ttotal Status Flags
r-devel-linux-x86_64-debian-clang 3.4 2.65 23.59 26.24 NOTE
r-devel-linux-x86_64-debian-gcc 3.4 2.03 19.11 21.14 NOTE
r-devel-linux-x86_64-fedora-clang 3.4 42.78 NOTE
r-devel-linux-x86_64-fedora-gcc 3.4 32.88 NOTE
r-devel-windows-x86_64 3.4 7.00 40.00 47.00 NOTE
r-devel-windows-x86_64-gcc10-UCRT 3.4 NOTE
r-patched-linux-x86_64 3.4 2.59 23.21 25.80 NOTE
r-patched-solaris-x86 3.4 56.00 NOTE
r-release-linux-x86_64 3.4 2.44 23.21 25.65 NOTE
r-release-macos-arm64 3.4 NOTE
r-release-macos-x86_64 3.4 NOTE
r-release-windows-ix86+x86_64 3.4 10.00 70.00 80.00 NOTE
r-oldrel-macos-x86_64 3.4 OK
r-oldrel-windows-ix86+x86_64 3.4 39.00 71.00 110.00 NOTE

Check Details

Version: 3.4
Check: LazyData
Result: NOTE
     'LazyData' is specified without a 'data' directory
Flavors: r-devel-linux-x86_64-debian-clang, r-devel-linux-x86_64-debian-gcc, r-devel-linux-x86_64-fedora-clang, r-devel-linux-x86_64-fedora-gcc, r-devel-windows-x86_64, r-devel-windows-x86_64-gcc10-UCRT, r-patched-linux-x86_64, r-patched-solaris-x86, r-release-linux-x86_64, r-release-macos-arm64, r-release-macos-x86_64, r-release-windows-ix86+x86_64

Version: 3.4
Check: package dependencies
Result: NOTE
    Package suggested but not available for checking: 'unix'
Flavors: r-devel-windows-x86_64, r-devel-windows-x86_64-gcc10-UCRT, r-release-windows-ix86+x86_64, r-oldrel-windows-ix86+x86_64