Last updated on 2023-03-23 06:52:37 CET.
Flavor | Version | Tinstall | Tcheck | Ttotal | Status | Flags |
---|---|---|---|---|---|---|
r-devel-linux-x86_64-debian-clang | 0.8.8 | 4.77 | 25.01 | 29.78 | OK | |
r-devel-linux-x86_64-debian-gcc | 0.8.8 | 3.43 | 19.25 | 22.68 | OK | |
r-devel-linux-x86_64-fedora-clang | 0.8.8 | 39.42 | OK | |||
r-devel-linux-x86_64-fedora-gcc | 0.8.8 | 37.06 | OK | |||
r-patched-linux-x86_64 | 0.8.8 | 4.36 | 25.23 | 29.59 | OK | |
r-release-linux-x86_64 | 0.8.8 | 4.05 | 24.99 | 29.04 | OK | |
r-release-macos-arm64 | 0.8.8 | 20.00 | NOTE | |||
r-release-macos-x86_64 | 0.8.8 | 32.00 | NOTE | |||
r-release-windows-x86_64 | 0.8.8 | 39.00 | 71.00 | 110.00 | OK | |
r-oldrel-macos-arm64 | 0.8.8 | 41.00 | NOTE | |||
r-oldrel-macos-x86_64 | 0.8.8 | 44.00 | NOTE | |||
r-oldrel-windows-ix86+x86_64 | 0.8.8 | 15.00 | 58.00 | 73.00 | NOTE |
Version: 0.8.8
Check: installed package size
Result: NOTE
installed size is 17.4Mb
sub-directories of 1Mb or more:
fonts 1.7Mb
libs 15.5Mb
Flavors: r-release-macos-arm64, r-release-macos-x86_64, r-oldrel-macos-arm64, r-oldrel-macos-x86_64
Version: 0.8.8
Check: dependencies in R code
Result: NOTE
Initiating curl with CURL_SSL_BACKEND: openssl
Flavor: r-oldrel-windows-ix86+x86_64