CRAN Package Check Results for Package systemfonts

Last updated on 2019-10-23 01:46:34 CEST.

Flavor Version Tinstall Tcheck Ttotal Status Flags
r-devel-linux-x86_64-debian-clang 0.1.1 4.07 19.29 23.36 OK
r-devel-linux-x86_64-debian-gcc 0.1.1 2.32 15.89 18.21 OK
r-devel-linux-x86_64-fedora-clang 0.1.1 32.45 NOTE
r-devel-linux-x86_64-fedora-gcc 0.1.1 30.21 NOTE
r-devel-windows-ix86+x86_64 0.1.1 30.00 74.00 104.00 OK
r-patched-linux-x86_64 0.1.1 2.54 19.14 21.68 OK
r-patched-solaris-x86 0.1.1 45.40 OK
r-release-linux-x86_64 0.1.1 2.91 19.30 22.21 OK
r-release-windows-ix86+x86_64 0.1.1 29.00 67.00 96.00 OK
r-release-osx-x86_64 0.1.1 OK
r-oldrel-windows-ix86+x86_64 0.1.1 31.00 75.00 106.00 OK
r-oldrel-osx-x86_64 0.1.1 OK

Check Details

Version: 0.1.1
Check: top-level files
Result: NOTE
    ‘configure’: /bin/bash is not portable
Flavors: r-devel-linux-x86_64-fedora-clang, r-devel-linux-x86_64-fedora-gcc