Last updated on 2023-03-24 05:52:28 CET.
Flavor | Version | Tinstall | Tcheck | Ttotal | Status | Flags |
---|---|---|---|---|---|---|
r-devel-linux-x86_64-debian-clang | 1.0.4 | 43.63 | 31.07 | 74.70 | NOTE | |
r-devel-linux-x86_64-debian-gcc | 1.0.4 | 34.74 | 24.38 | 59.12 | NOTE | |
r-devel-linux-x86_64-fedora-clang | 1.0.4 | 120.90 | NOTE | |||
r-devel-linux-x86_64-fedora-gcc | 1.0.4 | 119.20 | NOTE | |||
r-patched-linux-x86_64 | 1.0.4 | 42.03 | 30.50 | 72.53 | OK | |
r-release-linux-x86_64 | 1.0.4 | 41.57 | 30.52 | 72.09 | OK | |
r-release-macos-arm64 | 1.0.4 | 36.00 | NOTE | |||
r-release-macos-x86_64 | 1.0.4 | 50.00 | NOTE | |||
r-release-windows-x86_64 | 1.0.4 | 91.00 | 93.00 | 184.00 | OK | |
r-oldrel-macos-arm64 | 1.0.4 | 48.00 | NOTE | |||
r-oldrel-macos-x86_64 | 1.0.4 | 93.00 | NOTE | |||
r-oldrel-windows-ix86+x86_64 | 1.0.4 | 139.00 | 90.00 | 229.00 | OK |
Version: 1.0.4
Check: C++ specification
Result: NOTE
Specified C++11: please drop specification unless essential
Flavors: r-devel-linux-x86_64-debian-clang, r-devel-linux-x86_64-debian-gcc, r-devel-linux-x86_64-fedora-clang, r-devel-linux-x86_64-fedora-gcc
Version: 1.0.4
Check: installed package size
Result: NOTE
installed size is 19.2Mb
sub-directories of 1Mb or more:
libs 19.0Mb
Flavors: r-release-macos-arm64, r-release-macos-x86_64, r-oldrel-macos-arm64, r-oldrel-macos-x86_64