CRAN Package Check Results for Package syuzhet

Last updated on 2020-04-02 01:53:29 CEST.

Flavor Version Tinstall Tcheck Ttotal Status Flags
r-devel-linux-x86_64-debian-clang 1.0.4 11.60 148.43 160.03 OK
r-devel-linux-x86_64-debian-gcc 1.0.4 10.91 116.44 127.35 OK
r-devel-linux-x86_64-fedora-clang 1.0.4 217.94 NOTE
r-devel-linux-x86_64-fedora-gcc 1.0.4 187.93 OK
r-devel-windows-ix86+x86_64 1.0.4 19.00 148.00 167.00 OK
r-devel-windows-ix86+x86_64-gcc8 1.0.4 21.00 168.00 189.00 OK
r-patched-linux-x86_64 1.0.4 11.69 144.46 156.15 OK
r-patched-solaris-x86 1.0.4 340.30 NOTE
r-release-linux-x86_64 1.0.4 10.68 138.77 149.45 OK
r-release-windows-ix86+x86_64 1.0.4 21.00 162.00 183.00 OK
r-release-osx-x86_64 1.0.4 OK
r-oldrel-windows-ix86+x86_64 1.0.4 20.00 200.00 220.00 OK
r-oldrel-osx-x86_64 1.0.4 OK

Check Details

Version: 1.0.4
Check: installed package size
Result: NOTE
     installed size is 5.0Mb
     sub-directories of 1Mb or more:
     R 1.3Mb
     extdata 3.1Mb
Flavors: r-devel-linux-x86_64-fedora-clang, r-patched-solaris-x86