CRAN Package Check Results for Package tab

Last updated on 2019-10-23 01:46:34 CEST.

Flavor Version Tinstall Tcheck Ttotal Status Flags
r-devel-linux-x86_64-debian-clang 4.1.1 12.10 92.28 104.38 OK
r-devel-linux-x86_64-debian-gcc 4.1.1 10.38 72.48 82.86 OK
r-devel-linux-x86_64-fedora-clang 4.1.1 127.28 NOTE
r-devel-linux-x86_64-fedora-gcc 4.1.1 125.88 NOTE
r-devel-windows-ix86+x86_64 4.1.1 22.00 135.00 157.00 OK
r-patched-linux-x86_64 4.1.1 11.24 90.08 101.32 OK
r-patched-solaris-x86 4.1.1 178.20 NOTE
r-release-linux-x86_64 4.1.1 12.94 90.95 103.89 OK
r-release-windows-ix86+x86_64 4.1.1 34.00 95.00 129.00 OK
r-release-osx-x86_64 4.1.1 NOTE
r-oldrel-windows-ix86+x86_64 4.1.1 20.00 149.00 169.00 OK
r-oldrel-osx-x86_64 4.1.1 NOTE

Check Details

Version: 4.1.1
Check: dependencies in R code
Result: NOTE
    Namespaces in Imports field not imported from:
     ‘gee’ ‘survival’
     All declared Imports should be used.
Flavors: r-devel-linux-x86_64-fedora-clang, r-devel-linux-x86_64-fedora-gcc, r-patched-solaris-x86, r-release-osx-x86_64, r-oldrel-osx-x86_64