CRAN Package Check Results for Package tab

Last updated on 2020-06-04 02:48:16 CEST.

Flavor Version Tinstall Tcheck Ttotal Status Flags
r-devel-linux-x86_64-debian-clang 4.1.1 11.94 103.66 115.60 OK
r-devel-linux-x86_64-debian-gcc 4.1.1 11.05 78.95 90.00 OK
r-devel-linux-x86_64-fedora-clang 4.1.1 150.58 NOTE
r-devel-linux-x86_64-fedora-gcc 4.1.1 137.70 NOTE
r-devel-windows-ix86+x86_64 4.1.1 35.00 149.00 184.00 OK
r-patched-linux-x86_64 4.1.1 12.81 100.71 113.52 OK
r-patched-solaris-x86 4.1.1 206.10 NOTE
r-release-linux-x86_64 4.1.1 12.69 101.42 114.11 OK
r-release-osx-x86_64 4.1.1 NOTE
r-release-windows-ix86+x86_64 4.1.1 25.00 98.00 123.00 OK
r-oldrel-osx-x86_64 4.1.1 NOTE
r-oldrel-windows-ix86+x86_64 4.1.1 29.00 111.00 140.00 OK

Check Details

Version: 4.1.1
Check: dependencies in R code
Result: NOTE
    Namespaces in Imports field not imported from:
     ‘gee’ ‘survival’
     All declared Imports should be used.
Flavors: r-devel-linux-x86_64-fedora-clang, r-devel-linux-x86_64-fedora-gcc, r-patched-solaris-x86, r-release-osx-x86_64, r-oldrel-osx-x86_64