CRAN Package Check Results for Package tabularaster

Last updated on 2020-02-28 00:48:10 CET.

Flavor Version Tinstall Tcheck Ttotal Status Flags
r-devel-linux-x86_64-debian-clang 0.5.0 18.59 187.86 206.45 OK
r-devel-linux-x86_64-debian-gcc 0.5.0 18.06 142.67 160.73 OK
r-devel-linux-x86_64-fedora-clang 0.5.0 257.23 WARN
r-devel-linux-x86_64-fedora-gcc 0.5.0 245.36 WARN
r-devel-windows-ix86+x86_64 0.5.0 42.00 191.00 233.00 OK
r-devel-windows-ix86+x86_64-gcc8 0.5.0 36.00 192.00 228.00 OK
r-patched-linux-x86_64 0.5.0 17.71 162.79 180.50 OK
r-patched-solaris-x86 0.5.0 312.70 NOTE
r-release-linux-x86_64 0.5.0 17.55 162.89 180.44 OK
r-release-windows-ix86+x86_64 0.5.0 28.00 174.00 202.00 OK
r-release-osx-x86_64 0.5.0 NOTE
r-oldrel-windows-ix86+x86_64 0.5.0 22.00 167.00 189.00 OK
r-oldrel-osx-x86_64 0.5.0 NOTE

Check Details

Version: 0.5.0
Check: whether package can be installed
Result: WARN
    Found the following significant warnings:
     Warning: namespace ‘rgdal’ is not available and has been replaced
Flavors: r-devel-linux-x86_64-fedora-clang, r-devel-linux-x86_64-fedora-gcc

Version: 0.5.0
Check: dependencies in R code
Result: NOTE
    Namespace in Imports field not imported from: ‘methods’
     All declared Imports should be used.
Flavors: r-devel-linux-x86_64-fedora-clang, r-devel-linux-x86_64-fedora-gcc, r-patched-solaris-x86, r-release-osx-x86_64, r-oldrel-osx-x86_64

Version: 0.5.0
Check: data for non-ASCII characters
Result: WARN
     Warning: namespace 'rgdal' is not available and has been replaced
     by .GlobalEnv when processing object '<unknown>'
     Warning: namespace 'rgdal' is not available and has been replaced
     by .GlobalEnv when processing object '<unknown>'
     Warning: namespace 'rgdal' is not available and has been replaced
     by .GlobalEnv when processing object '<unknown>'
     Warning: namespace 'rgdal' is not available and has been replaced
     by .GlobalEnv when processing object '<unknown>'
     Warning: namespace 'rgdal' is not available and has been replaced
     by .GlobalEnv when processing object '<unknown>'
     Warning: namespace 'rgdal' is not available and has been replaced
     by .GlobalEnv when processing object '<unknown>'
     Warning: namespace 'rgdal' is not available and has been replaced
     by .GlobalEnv when processing object '<unknown>'
     Warning: namespace 'rgdal' is not available and has been replaced
     by .GlobalEnv when processing object '<unknown>'
     Warning: namespace 'rgdal' is not available and has been replaced
     by .GlobalEnv when processing object '<unknown>'
     Warning: namespace 'rgdal' is not available and has been replaced
     by .GlobalEnv when processing object '<unknown>'
     Warning: namespace 'rgdal' is not available and has been replaced
     by .GlobalEnv when processing object '<unknown>'
     Warning: namespace 'rgdal' is not available and has been replaced
     by .GlobalEnv when processing object '<unknown>'
     Warning: namespace 'rgdal' is not available and has been replaced
     by .GlobalEnv when processing object '<unknown>'
     Warning: namespace 'rgdal' is not available and has been replaced
     by .GlobalEnv when processing object '<unknown>'
     Warning: namespace 'rgdal' is not available and has been replaced
     by .GlobalEnv when processing object '<unknown>'
     Warning: namespace 'rgdal' is not available and has been replaced
     by .GlobalEnv when processing object '<unknown>'
     Warning: namespace 'rgdal' is not available and has been replaced
     by .GlobalEnv when processing object '<unknown>'
     Warning: namespace 'rgdal' is not available and has been replaced
     by .GlobalEnv when processing object '<unknown>'
     Warning: namespace 'rgdal' is not available and has been replaced
     by .GlobalEnv when processing object '<unknown>'
     Warning: namespace 'rgdal' is not available and has been replaced
     by .GlobalEnv when processing object '<unknown>'
Flavors: r-devel-linux-x86_64-fedora-clang, r-devel-linux-x86_64-fedora-gcc