Last updated on 2021-01-16 00:47:46 CET.
Flavor | Version | Tinstall | Tcheck | Ttotal | Status | Flags |
---|---|---|---|---|---|---|
r-devel-linux-x86_64-debian-clang | 0.1.0 | 4.69 | 50.30 | 54.99 | OK | |
r-devel-linux-x86_64-debian-gcc | 0.1.0 | 3.55 | 38.34 | 41.89 | OK | |
r-devel-linux-x86_64-fedora-clang | 0.1.0 | 75.79 | NOTE | |||
r-devel-linux-x86_64-fedora-gcc | 0.1.0 | 66.29 | NOTE | |||
r-devel-windows-ix86+x86_64 | 0.1.0 | 11.00 | 61.00 | 72.00 | OK | |
r-patched-linux-x86_64 | 0.1.0 | 4.39 | 46.64 | 51.03 | OK | |
r-patched-solaris-x86 | 0.1.0 | 94.90 | NOTE | |||
r-release-linux-x86_64 | 0.1.0 | 5.03 | 46.71 | 51.74 | OK | |
r-release-macos-x86_64 | 0.1.0 | NOTE | ||||
r-release-windows-ix86+x86_64 | 0.1.0 | 11.00 | 53.00 | 64.00 | OK | |
r-oldrel-macos-x86_64 | 0.1.0 | NOTE | ||||
r-oldrel-windows-ix86+x86_64 | 0.1.0 | 8.00 | 49.00 | 57.00 | OK |
Version: 0.1.0
Check: data for non-ASCII characters
Result: NOTE
Note: found 81 marked UTF-8 strings
Flavors: r-devel-linux-x86_64-fedora-clang, r-devel-linux-x86_64-fedora-gcc, r-patched-solaris-x86, r-release-macos-x86_64, r-oldrel-macos-x86_64