CRAN Package Check Results for Package tagcloud

Last updated on 2020-05-28 01:53:30 CEST.

Flavor Version Tinstall Tcheck Ttotal Status Flags
r-devel-linux-x86_64-debian-clang 0.6 20.31 42.37 62.68 OK
r-devel-linux-x86_64-debian-gcc 0.6 16.91 32.61 49.52 OK
r-devel-linux-x86_64-fedora-clang 0.6 84.07 NOTE
r-devel-linux-x86_64-fedora-gcc 0.6 85.80 NOTE
r-devel-windows-ix86+x86_64 0.6 63.00 94.00 157.00 OK
r-patched-linux-x86_64 0.6 17.62 42.61 60.23 OK
r-patched-solaris-x86 0.6 95.60 OK
r-release-linux-x86_64 0.6 17.78 42.11 59.89 OK
r-release-osx-x86_64 0.6 OK
r-release-windows-ix86+x86_64 0.6 49.00 101.00 150.00 OK
r-oldrel-osx-x86_64 0.6 OK
r-oldrel-windows-ix86+x86_64 0.6 61.00 68.00 129.00 OK

Check Details

Version: 0.6
Check: compiled code
Result: NOTE
    File ‘tagcloud/libs/tagcloud.so’:
     Found no calls to: ‘R_registerRoutines’, ‘R_useDynamicSymbols’
    
    It is good practice to register native routines and to disable symbol
    search.
    
    See ‘Writing portable packages’ in the ‘Writing R Extensions’ manual.
Flavors: r-devel-linux-x86_64-fedora-clang, r-devel-linux-x86_64-fedora-gcc