CRAN Package Check Results for Package targeted

Last updated on 2021-07-27 01:51:05 CEST.

Flavor Version Tinstall Tcheck Ttotal Status Flags
r-devel-linux-x86_64-debian-clang 0.1.1 183.25 114.90 298.15 OK
r-devel-linux-x86_64-debian-gcc 0.1.1 132.15 109.49 241.64 OK
r-devel-linux-x86_64-fedora-clang 0.1.1 398.72 NOTE
r-devel-linux-x86_64-fedora-gcc 0.1.1 370.75 OK
r-devel-windows-x86_64 0.1.1 217.00 133.00 350.00 OK
r-devel-windows-x86_64-gcc10-UCRT 0.1.1 OK
r-patched-linux-x86_64 0.1.1 154.58 101.15 255.73 OK
r-patched-solaris-x86 0.1.1 381.20 OK
r-release-linux-x86_64 0.1.1 151.45 104.49 255.94 OK
r-release-macos-arm64 0.1.1 NOTE
r-release-macos-x86_64 0.1.1 NOTE
r-release-windows-ix86+x86_64 0.1.1 423.00 122.00 545.00 OK
r-oldrel-macos-x86_64 0.1.1 NOTE
r-oldrel-windows-ix86+x86_64 0.1.1 306.00 184.00 490.00 OK

Check Details

Version: 0.1.1
Check: installed package size
Result: NOTE
     installed size is 10.9Mb
     sub-directories of 1Mb or more:
     libs 10.1Mb
Flavors: r-devel-linux-x86_64-fedora-clang, r-release-macos-arm64, r-release-macos-x86_64, r-oldrel-macos-x86_64