CRAN Package Check Results for Package taxa

Last updated on 2019-12-15 01:50:41 CET.

Flavor Version Tinstall Tcheck Ttotal Status Flags
r-devel-linux-x86_64-debian-clang 0.3.2 20.17 99.06 119.23 OK
r-devel-linux-x86_64-debian-gcc 0.3.2 18.49 80.66 99.15 OK
r-devel-linux-x86_64-fedora-clang 0.3.2 155.31 NOTE
r-devel-linux-x86_64-fedora-gcc 0.3.2 155.79 NOTE
r-devel-windows-ix86+x86_64 0.3.2 35.00 166.00 201.00 OK
r-devel-windows-ix86+x86_64-gcc8 0.3.2 50.00 159.00 209.00 OK
r-patched-linux-x86_64 0.3.2 17.87 95.09 112.96 OK
r-patched-solaris-x86 0.3.2 178.30 NOTE
r-release-linux-x86_64 0.3.2 19.01 96.77 115.78 OK
r-release-windows-ix86+x86_64 0.3.2 27.00 117.00 144.00 OK
r-release-osx-x86_64 0.3.2 NOTE
r-oldrel-windows-ix86+x86_64 0.3.2 22.00 112.00 134.00 OK
r-oldrel-osx-x86_64 0.3.2 NOTE

Check Details

Version: 0.3.2
Check: dependencies in R code
Result: NOTE
    Namespaces in Imports field not imported from:
     ‘knitr’ ‘lazyeval’ ‘rlang’ ‘tidyr’
     All declared Imports should be used.
Flavors: r-devel-linux-x86_64-fedora-clang, r-devel-linux-x86_64-fedora-gcc, r-patched-solaris-x86, r-release-osx-x86_64, r-oldrel-osx-x86_64