CRAN Package Check Results for Package taxa

Last updated on 2020-07-15 02:47:11 CEST.

Flavor Version Tinstall Tcheck Ttotal Status Flags
r-devel-linux-x86_64-debian-clang 0.3.4 19.07 94.74 113.81 OK
r-devel-linux-x86_64-debian-gcc 0.3.4 15.92 78.89 94.81 OK
r-devel-linux-x86_64-fedora-clang 0.3.4 156.51 NOTE
r-devel-linux-x86_64-fedora-gcc 0.3.4 166.95 NOTE
r-devel-windows-ix86+x86_64 0.3.4 44.00 117.00 161.00 OK
r-patched-linux-x86_64 0.3.4 18.58 101.28 119.86 OK
r-patched-solaris-x86 0.3.4 186.10 NOTE
r-release-linux-x86_64 0.3.4 18.76 98.61 117.37 OK
r-release-macos-x86_64 0.3.4 ERROR
r-release-windows-ix86+x86_64 0.3.4 54.00 158.00 212.00 OK
r-oldrel-macos-x86_64 0.3.4 NOTE
r-oldrel-windows-ix86+x86_64 0.3.4 37.00 147.00 184.00 OK

Check Details

Version: 0.3.4
Check: dependencies in R code
Result: NOTE
    Namespaces in Imports field not imported from:
     ‘knitr’ ‘lazyeval’ ‘rlang’ ‘tidyr’
     All declared Imports should be used.
Flavors: r-devel-linux-x86_64-fedora-clang, r-devel-linux-x86_64-fedora-gcc, r-patched-solaris-x86, r-oldrel-macos-x86_64

Version: 0.3.4
Check: whether package can be installed
Result: ERROR
    Installation failed.
Flavor: r-release-macos-x86_64