CRAN Package Check Results for Package taxlist

Last updated on 2020-01-24 00:49:23 CET.

Flavor Version Tinstall Tcheck Ttotal Status Flags
r-devel-linux-x86_64-debian-clang 0.1.7 10.18 74.12 84.30 WARN
r-devel-linux-x86_64-debian-gcc 0.1.7 7.43 56.73 64.16 OK
r-devel-linux-x86_64-fedora-clang 0.1.7 100.79 NOTE
r-devel-linux-x86_64-fedora-gcc 0.1.7 97.32 NOTE
r-devel-windows-ix86+x86_64 0.1.7 38.00 137.00 175.00 OK
r-devel-windows-ix86+x86_64-gcc8 0.1.7 35.00 96.00 131.00 OK
r-patched-linux-x86_64 0.1.7 8.01 66.75 74.76 OK
r-patched-solaris-x86 0.1.7 145.50 NOTE
r-release-linux-x86_64 0.1.7 9.36 66.31 75.67 OK
r-release-windows-ix86+x86_64 0.1.7 20.00 131.00 151.00 OK
r-release-osx-x86_64 0.1.7 NOTE
r-oldrel-windows-ix86+x86_64 0.1.7 14.00 82.00 96.00 OK
r-oldrel-osx-x86_64 0.1.7 NOTE

Check Details

Version: 0.1.7
Check: data for ASCII and uncompressed saves
Result: WARN
     Warning message:
     In load(p, envir = env) :
     strings not representable in native encoding will be translated to UTF-8
Flavor: r-devel-linux-x86_64-debian-clang

Version: 0.1.7
Check: data for non-ASCII characters
Result: NOTE
     Note: found 136 marked UTF-8 strings
Flavors: r-devel-linux-x86_64-fedora-clang, r-devel-linux-x86_64-fedora-gcc, r-patched-solaris-x86, r-release-osx-x86_64, r-oldrel-osx-x86_64