CRAN Package Check Results for Package taxlist

Last updated on 2020-08-05 01:50:59 CEST.

Flavor Version Tinstall Tcheck Ttotal Status Flags
r-devel-linux-x86_64-debian-clang 0.1.9 8.83 80.89 89.72 OK
r-devel-linux-x86_64-debian-gcc 0.1.9 7.72 59.00 66.72 OK
r-devel-linux-x86_64-fedora-clang 0.1.9 109.76 NOTE
r-devel-linux-x86_64-fedora-gcc 0.1.9 102.22 NOTE
r-devel-windows-ix86+x86_64 0.1.9 41.00 98.00 139.00 OK
r-patched-linux-x86_64 0.1.9 10.32 75.71 86.03 OK
r-patched-solaris-x86 0.1.9 143.90 NOTE
r-release-linux-x86_64 0.1.9 10.09 76.68 86.77 OK
r-release-macos-x86_64 0.1.9 NOTE
r-release-windows-ix86+x86_64 0.1.9 42.00 157.00 199.00 OK
r-oldrel-macos-x86_64 0.1.9 NOTE
r-oldrel-windows-ix86+x86_64 0.1.9 19.00 107.00 126.00 OK

Check Details

Version: 0.1.9
Check: Rd cross-references
Result: NOTE
    Undeclared package ‘ape’ in Rd xrefs
Flavor: r-devel-linux-x86_64-fedora-clang

Version: 0.1.9
Check: data for non-ASCII characters
Result: NOTE
     Note: found 137 marked UTF-8 strings
Flavors: r-devel-linux-x86_64-fedora-clang, r-devel-linux-x86_64-fedora-gcc, r-patched-solaris-x86, r-release-macos-x86_64, r-oldrel-macos-x86_64