CRAN Package Check Results for Package tbart

Last updated on 2020-08-09 01:48:44 CEST.

Flavor Version Tinstall Tcheck Ttotal Status Flags
r-devel-linux-x86_64-debian-clang 1.0 21.71 37.25 58.96 OK
r-devel-linux-x86_64-debian-gcc 1.0 15.32 28.92 44.24 OK
r-devel-linux-x86_64-fedora-clang 1.0 82.75 NOTE
r-devel-linux-x86_64-fedora-gcc 1.0 70.40 NOTE
r-devel-windows-ix86+x86_64 1.0 58.00 109.00 167.00 OK
r-patched-linux-x86_64 1.0 15.70 35.16 50.86 OK
r-patched-solaris-x86 1.0 90.40 OK
r-release-linux-x86_64 1.0 17.33 36.05 53.38 OK
r-release-macos-x86_64 1.0 OK
r-release-windows-ix86+x86_64 1.0 57.00 97.00 154.00 OK
r-oldrel-macos-x86_64 1.0 OK
r-oldrel-windows-ix86+x86_64 1.0 36.00 76.00 112.00 OK

Check Details

Version: 1.0
Check: compiled code
Result: NOTE
    File ‘tbart/libs/tbart.so’:
     Found no calls to: ‘R_registerRoutines’, ‘R_useDynamicSymbols’
    
    It is good practice to register native routines and to disable symbol
    search.
    
    See ‘Writing portable packages’ in the ‘Writing R Extensions’ manual.
Flavors: r-devel-linux-x86_64-fedora-clang, r-devel-linux-x86_64-fedora-gcc