CRAN Package Check Results for Package tcR

Last updated on 2020-07-09 01:57:53 CEST.

Flavor Version Tinstall Tcheck Ttotal Status Flags
r-devel-linux-x86_64-debian-clang 2.3.2 30.52 125.84 156.36 OK
r-devel-linux-x86_64-debian-gcc 2.3.2 22.51 90.84 113.35 OK
r-devel-linux-x86_64-fedora-clang 2.3.2 194.20 NOTE
r-devel-linux-x86_64-fedora-gcc 2.3.2 181.47 OK
r-devel-windows-ix86+x86_64 2.3.2 62.00 194.00 256.00 NOTE
r-patched-linux-x86_64 2.3.2 25.57 117.13 142.70 OK
r-patched-solaris-x86 2.3.2 218.60 NOTE
r-release-linux-x86_64 2.3.2 24.49 117.85 142.34 OK
r-release-osx-x86_64 2.3.2 NOTE
r-release-windows-ix86+x86_64 2.3.2 58.00 169.00 227.00 NOTE
r-oldrel-osx-x86_64 2.3.2 NOTE
r-oldrel-windows-ix86+x86_64 2.3.2 74.00 236.00 310.00 NOTE

Check Details

Version: 2.3.2
Check: installed package size
Result: NOTE
     installed size is 7.0Mb
     sub-directories of 1Mb or more:
     data 1.4Mb
     doc 3.8Mb
     libs 1.2Mb
Flavors: r-devel-linux-x86_64-fedora-clang, r-devel-windows-ix86+x86_64, r-patched-solaris-x86, r-release-osx-x86_64, r-release-windows-ix86+x86_64, r-oldrel-osx-x86_64, r-oldrel-windows-ix86+x86_64