CRAN Package Check Results for Package tcgsaseq

Last updated on 2020-02-20 00:54:30 CET.

Flavor Version Tinstall Tcheck Ttotal Status Flags
r-devel-linux-x86_64-debian-clang 1.8.1 6.91 68.52 75.43 OK
r-devel-linux-x86_64-debian-gcc 1.8.1 5.17 52.00 57.17 OK
r-devel-linux-x86_64-fedora-clang 1.8.1 98.98 OK
r-devel-linux-x86_64-fedora-gcc 1.8.1 94.97 OK
r-devel-windows-ix86+x86_64 1.8.1 15.00 83.00 98.00 OK
r-devel-windows-ix86+x86_64-gcc8 1.8.1 20.00 83.00 103.00 OK
r-patched-linux-x86_64 1.8.1 5.28 58.87 64.15 OK
r-patched-solaris-x86 1.8.1 126.30 OK
r-release-linux-x86_64 1.8.1 6.50 59.49 65.99 OK
r-release-windows-ix86+x86_64 1.8.1 11.00 77.00 88.00 OK
r-release-osx-x86_64 1.8.1 NOTE
r-oldrel-windows-ix86+x86_64 1.8.1 11.00 72.00 83.00 OK
r-oldrel-osx-x86_64 1.8.1 OK

Check Details

Version: 1.8.1
Check: package dependencies
Result: NOTE
    Packages suggested but not available for checking:
     'limma', 'edgeR', 'DESeq2', 'S4Vectors'
Flavor: r-release-osx-x86_64

Version: 1.8.1
Check: Rd cross-references
Result: NOTE
    Package unavailable to check Rd xrefs: ‘limma’
Flavor: r-release-osx-x86_64