CRAN Package Check Results for Package tcl

Last updated on 2023-02-07 00:54:32 CET.

Flavor Version Tinstall Tcheck Ttotal Status Flags
r-devel-linux-x86_64-debian-clang 0.1.1 9.46 83.98 93.44 OK
r-devel-linux-x86_64-debian-gcc 0.1.1 6.89 61.97 68.86 OK
r-devel-linux-x86_64-fedora-clang 0.1.1 113.74 NOTE
r-devel-linux-x86_64-fedora-gcc 0.1.1 121.20 NOTE
r-devel-windows-x86_64 0.1.1 18.00 114.00 132.00 OK
r-patched-linux-x86_64 0.1.1 9.61 76.70 86.31 OK
r-release-linux-x86_64 0.1.1 9.17 81.08 90.25 OK
r-release-macos-arm64 0.1.1 36.00 NOTE
r-release-macos-x86_64 0.1.1 49.00 NOTE
r-release-windows-x86_64 0.1.1 21.00 116.00 137.00 OK
r-oldrel-macos-arm64 0.1.1 44.00 NOTE
r-oldrel-macos-x86_64 0.1.1 65.00 NOTE
r-oldrel-windows-ix86+x86_64 0.1.1 20.00 104.00 124.00 OK

Check Details

Version: 0.1.1
Check: dependencies in R code
Result: NOTE
    Namespaces in Imports field not imported from:
     ‘colorspace’ ‘psych’
     All declared Imports should be used.
Flavors: r-devel-linux-x86_64-fedora-clang, r-devel-linux-x86_64-fedora-gcc, r-release-macos-arm64, r-release-macos-x86_64, r-oldrel-macos-arm64, r-oldrel-macos-x86_64