Last updated on 2023-02-08 02:03:29 CET.
Flavor | Version | Tinstall | Tcheck | Ttotal | Status | Flags |
---|---|---|---|---|---|---|
r-devel-linux-x86_64-debian-clang | 1.0.3 | 267.42 | 374.24 | 641.66 | NOTE | |
r-devel-linux-x86_64-debian-gcc | 1.0.3 | 208.42 | 265.56 | 473.98 | NOTE | |
r-devel-linux-x86_64-fedora-clang | 1.0.3 | 864.50 | NOTE | |||
r-devel-linux-x86_64-fedora-gcc | 1.0.3 | 879.29 | NOTE | |||
r-devel-windows-x86_64 | 1.0.3 | 211.00 | 398.00 | 609.00 | NOTE | |
r-patched-linux-x86_64 | 1.0.3 | 223.20 | 359.71 | 582.91 | OK | |
r-release-linux-x86_64 | 1.0.3 | 200.57 | 371.14 | 571.71 | OK | |
r-release-macos-arm64 | 1.0.3 | 168.00 | NOTE | |||
r-release-macos-x86_64 | 1.0.3 | 287.00 | NOTE | |||
r-release-windows-x86_64 | 1.0.3 | 596.00 | 405.00 | 1001.00 | OK | |
r-oldrel-macos-arm64 | 1.0.3 | 137.00 | NOTE | |||
r-oldrel-macos-x86_64 | 1.0.3 | 260.00 | NOTE | |||
r-oldrel-windows-ix86+x86_64 | 1.0.3 | 238.00 | 19.00 | 257.00 | ERROR |
Version: 1.0.3
Check: C++ specification
Result: NOTE
Specified C++11: please update to current default of C++17
Flavors: r-devel-linux-x86_64-debian-clang, r-devel-linux-x86_64-debian-gcc, r-devel-windows-x86_64
Version: 1.0.3
Check: C++ specification
Result: NOTE
Specified C++11: please drop specification unless essential
Flavors: r-devel-linux-x86_64-fedora-clang, r-devel-linux-x86_64-fedora-gcc
Version: 1.0.3
Check: installed package size
Result: NOTE
installed size is 19.2Mb
sub-directories of 1Mb or more:
data 2.4Mb
libs 16.5Mb
Flavors: r-release-macos-arm64, r-release-macos-x86_64, r-oldrel-macos-arm64, r-oldrel-macos-x86_64
Version: 1.0.3
Check: whether package can be installed
Result: ERROR
Installation failed.
Flavor: r-oldrel-windows-ix86+x86_64