Last updated on 2022-06-30 01:49:21 CEST.
Flavor | Version | Tinstall | Tcheck | Ttotal | Status | Flags |
---|---|---|---|---|---|---|
r-devel-linux-x86_64-debian-clang | 4.1.0 | 27.85 | 600.44 | 628.29 | OK | |
r-devel-linux-x86_64-debian-gcc | 4.1.0 | 21.81 | 438.14 | 459.95 | OK | |
r-devel-linux-x86_64-fedora-clang | 4.1.0 | 715.63 | OK | |||
r-devel-linux-x86_64-fedora-gcc | 4.1.0 | 556.98 | OK | |||
r-devel-windows-x86_64 | 4.1.0 | 45.00 | 345.00 | 390.00 | OK | --no-vignettes |
r-patched-linux-x86_64 | 4.1.0 | 89.33 | 560.81 | 650.14 | WARN | |
r-release-linux-x86_64 | 4.1.0 | 26.82 | 562.06 | 588.88 | OK | |
r-release-macos-arm64 | 4.1.0 | 169.00 | OK | |||
r-release-macos-x86_64 | 4.1.0 | 221.00 | OK | |||
r-release-windows-x86_64 | 4.1.0 | 47.00 | 246.00 | 293.00 | OK | --no-vignettes |
r-oldrel-macos-arm64 | 4.1.0 | 144.00 | OK | |||
r-oldrel-macos-x86_64 | 4.1.0 | 222.00 | OK | |||
r-oldrel-windows-ix86+x86_64 | 4.1.0 | 69.00 | 613.00 | 682.00 | OK | --no-vignettes |
Version: 4.1.0
Check: whether package can be installed
Result: WARN
Found the following significant warnings:
Rd warning: no hsearch.rds meta data for package tergm
Flavor: r-patched-linux-x86_64