CRAN Package Check Results for Package tesseract

Last updated on 2020-09-28 01:49:13 CEST.

Flavor Version Tinstall Tcheck Ttotal Status Flags
r-devel-linux-x86_64-debian-clang 4.1 22.75 109.33 132.08 OK
r-devel-linux-x86_64-debian-gcc 4.1 17.94 161.29 179.23 OK
r-devel-linux-x86_64-fedora-clang 4.1 140.67 NOTE
r-devel-linux-x86_64-fedora-gcc 4.1 136.97 NOTE
r-devel-windows-ix86+x86_64 4.1 78.00 152.00 230.00 NOTE
r-patched-linux-x86_64 4.1 19.49 87.44 106.93 OK
r-release-linux-x86_64 4.1 19.72 88.94 108.66 OK
r-release-macos-x86_64 4.1 NOTE
r-release-windows-ix86+x86_64 4.1 81.00 148.00 229.00 NOTE
r-oldrel-macos-x86_64 4.1 NOTE
r-oldrel-windows-ix86+x86_64 4.1 76.00 191.00 267.00 NOTE

Additional issues

donttest valgrind

Check Details

Version: 4.1
Check: top-level files
Result: NOTE
     possible bashism in configure line 34 ($(OS|MACH)TYPE):
     case "$OSTYPE" in "darwin"*)
     possible bashism in configure line 42 (should be '.', not 'source'):
     source autobrew
Flavors: r-devel-linux-x86_64-fedora-clang, r-devel-linux-x86_64-fedora-gcc

Version: 4.1
Check: installed package size
Result: NOTE
     installed size is 29.1Mb
     sub-directories of 1Mb or more:
     doc 1.0Mb
     libs 13.9Mb
     tessdata 14.0Mb
Flavors: r-devel-windows-ix86+x86_64, r-release-macos-x86_64, r-release-windows-ix86+x86_64, r-oldrel-macos-x86_64, r-oldrel-windows-ix86+x86_64