CRAN Package Check Results for Package texreg

Last updated on 2020-06-03 01:51:02 CEST.

Flavor Version Tinstall Tcheck Ttotal Status Flags
r-devel-linux-x86_64-debian-clang 1.37.1 17.08 134.55 151.63 NOTE
r-devel-linux-x86_64-debian-gcc 1.37.1 14.35 100.64 114.99 NOTE
r-devel-linux-x86_64-fedora-clang 1.37.1 198.37 NOTE
r-devel-linux-x86_64-fedora-gcc 1.37.1 228.21 ERROR
r-devel-windows-ix86+x86_64 1.37.1 38.00 172.00 210.00 NOTE
r-patched-linux-x86_64 1.37.1 19.11 134.83 153.94 NOTE
r-patched-solaris-x86 1.37.1 212.80 ERROR
r-release-linux-x86_64 1.37.1 15.65 133.58 149.23 NOTE
r-release-osx-x86_64 1.37.1 ERROR
r-release-windows-ix86+x86_64 1.37.1 34.00 125.00 159.00 NOTE
r-oldrel-osx-x86_64 1.37.1 ERROR
r-oldrel-windows-ix86+x86_64 1.37.1 31.00 173.00 204.00 NOTE

Check Details

Version: 1.37.1
Check: package dependencies
Result: NOTE
    Packages which this enhances but not available for checking:
     'glmmADMB', 'Zelig'
Flavors: r-devel-linux-x86_64-debian-clang, r-devel-linux-x86_64-debian-gcc, r-devel-linux-x86_64-fedora-clang, r-devel-linux-x86_64-fedora-gcc, r-patched-linux-x86_64, r-patched-solaris-x86, r-release-linux-x86_64, r-release-osx-x86_64

Version: 1.37.1
Check: Rd cross-references
Result: NOTE
    Unknown package 'Zelig' in Rd xrefs
Flavors: r-devel-linux-x86_64-debian-clang, r-devel-linux-x86_64-debian-gcc, r-devel-linux-x86_64-fedora-clang, r-devel-linux-x86_64-fedora-gcc, r-patched-linux-x86_64, r-patched-solaris-x86, r-release-linux-x86_64, r-release-osx-x86_64

Version: 1.37.1
Check: dependencies in R code
Result: NOTE
    Namespace in Imports field not imported from: ‘grDevices’
     All declared Imports should be used.
Flavors: r-devel-linux-x86_64-fedora-clang, r-devel-linux-x86_64-fedora-gcc, r-patched-solaris-x86, r-release-osx-x86_64

Version: 1.37.1
Check: tests
Result: ERROR
     Running ‘testthat.R’ [45s/135s]
    Running the tests in ‘tests/testthat.R’ failed.
    Complete output:
     > library("testthat")
     > library("texreg")
     Version: 1.37.1
     Date: 2020-05-29
     Author: Philip Leifeld (University of Essex)
    
     Please cite the JSS article in your publications -- see citation("texreg").
     >
     > test_check("texreg")
     ── 1. Failure: extract multinom objects from the nnet package and mlogit and mnl
     tr2b[[1]]@coef has length 0, not length 8.
    
     ── 2. Error: extract multinom objects from the nnet package and mlogit and mnlog
     argument is not interpretable as logical
     Backtrace:
     1. mnlogit::mnlogit(...)
    
     ══ testthat results ═══════════════════════════════════════════════════════════
     [ OK: 368 | SKIPPED: 3 | WARNINGS: 0 | FAILED: 2 ]
     1. Failure: extract multinom objects from the nnet package and mlogit and mnlogit objects (@test-extract.R#495)
     2. Error: extract multinom objects from the nnet package and mlogit and mnlogit objects (@test-extract.R#504)
    
     Error: testthat unit tests failed
     Execution halted
Flavor: r-devel-linux-x86_64-fedora-gcc

Version: 1.37.1
Check: package dependencies
Result: NOTE
    Package which this enhances but not available for checking: 'glmmADMB'
Flavors: r-devel-windows-ix86+x86_64, r-release-windows-ix86+x86_64, r-oldrel-osx-x86_64, r-oldrel-windows-ix86+x86_64

Version: 1.37.1
Check: examples
Result: ERROR
    Running examples in ‘texreg-Ex.R’ failed
    The error most likely occurred in:
    
    > ### Name: wordreg
    > ### Title: Export regression output to an MS Word file
    > ### Aliases: wordreg
    >
    > ### ** Examples
    >
    > # Use models from ?lm:
    > ctl <- c(4.17, 5.58, 5.18, 6.11, 4.50, 4.61, 5.17, 4.53, 5.33, 5.14)
    > trt <- c(4.81, 4.17, 4.41, 3.59, 5.87, 3.83, 6.03, 4.89, 4.32, 4.69)
    > group <- gl(2, 10, 20, labels = c("Ctl", "Trt"))
    > weight <- c(ctl, trt)
    > lm.D9 <- lm(weight ~ group)
    > lm.D90 <- lm(weight ~ group - 1)
    > wordreg(list(lm.D9, lm.D90), file = "testfile.doc")
    Error: pandoc version 1.12.3 or higher is required and was not found (see the help page ?rmarkdown::pandoc_available).
    Execution halted
Flavors: r-patched-solaris-x86, r-oldrel-osx-x86_64

Version: 1.37.1
Check: tests
Result: ERROR
     Running ‘testthat.R’ [24s/40s]
    Running the tests in ‘tests/testthat.R’ failed.
    Last 13 lines of output:
     ── 1. Failure: extract multinom objects from the nnet package and mlogit and mnl
     tr2b[[1]]@coef has length 0, not length 8.
    
     ── 2. Error: extract multinom objects from the nnet package and mlogit and mnlog
     argument is not interpretable as logical
     Backtrace:
     1. mnlogit::mnlogit(...)
    
     ══ testthat results ═══════════════════════════════════════════════════════════
     [ OK: 368 | SKIPPED: 3 | WARNINGS: 0 | FAILED: 2 ]
     1. Failure: extract multinom objects from the nnet package and mlogit and mnlogit objects (@test-extract.R#495)
     2. Error: extract multinom objects from the nnet package and mlogit and mnlogit objects (@test-extract.R#504)
    
     Error: testthat unit tests failed
     Execution halted
Flavor: r-release-osx-x86_64

Version: 1.37.1
Check: dependencies in R code
Result: NOTE
    No protocol specified
    No protocol specified
    Namespace in Imports field not imported from: ‘grDevices’
     All declared Imports should be used.
Flavor: r-oldrel-osx-x86_64

Version: 1.37.1
Check: tests
Result: ERROR
     Running ‘testthat.R’ [35s/36s]
    Running the tests in ‘tests/testthat.R’ failed.
    Last 13 lines of output:
     ── 1. Failure: extract multinom objects from the nnet package and mlogit and mnl
     tr2b[[1]]@coef has length 0, not length 8.
    
     ── 2. Error: extract multinom objects from the nnet package and mlogit and mnlog
     argument is not interpretable as logical
     Backtrace:
     1. mnlogit::mnlogit(...)
    
     ══ testthat results ═══════════════════════════════════════════════════════════
     [ OK: 368 | SKIPPED: 3 | WARNINGS: 0 | FAILED: 2 ]
     1. Failure: extract multinom objects from the nnet package and mlogit and mnlogit objects (@test-extract.R#495)
     2. Error: extract multinom objects from the nnet package and mlogit and mnlogit objects (@test-extract.R#504)
    
     Error: testthat unit tests failed
     Execution halted
Flavor: r-oldrel-osx-x86_64