CRAN Package Check Results for Package text

Last updated on 2021-06-25 02:52:13 CEST.

Flavor Version Tinstall Tcheck Ttotal Status Flags
r-devel-linux-x86_64-debian-clang 0.9.10 17.96 180.90 198.86 OK
r-devel-linux-x86_64-debian-gcc 0.9.10 15.52 133.92 149.44 OK
r-devel-linux-x86_64-fedora-clang 0.9.10 200.74 NOTE
r-devel-linux-x86_64-fedora-gcc 0.9.10 240.06 NOTE
r-devel-windows-x86_64 0.9.10 30.00 218.00 248.00 OK
r-devel-windows-x86_64-gcc10-UCRT 0.9.10 NOTE
r-patched-linux-x86_64 0.9.10 17.04 172.51 189.55 OK
r-patched-solaris-x86 0.9.10 361.30 NOTE
r-release-linux-x86_64 0.9.10 17.07 169.68 186.75 OK
r-release-macos-arm64 0.9.10 NOTE
r-release-macos-x86_64 0.9.10 NOTE
r-release-windows-ix86+x86_64 0.9.10 26.00 192.00 218.00 OK
r-oldrel-macos-x86_64 0.9.10 NOTE
r-oldrel-windows-ix86+x86_64 0.9.10 41.00 190.00 231.00 OK

Check Details

Version: 0.9.10
Check: data for non-ASCII characters
Result: NOTE
     Note: found 3 marked UTF-8 strings
Flavors: r-devel-linux-x86_64-fedora-clang, r-devel-linux-x86_64-fedora-gcc, r-devel-windows-x86_64-gcc10-UCRT, r-patched-solaris-x86, r-release-macos-arm64, r-release-macos-x86_64, r-oldrel-macos-x86_64