CRAN Package Check Results for Package text2speech

Last updated on 2022-06-25 01:49:13 CEST.

Flavor Version Tinstall Tcheck Ttotal Status Flags
r-devel-linux-x86_64-debian-clang 0.2.13 2.88 39.42 42.30 NOTE
r-devel-linux-x86_64-debian-gcc 0.2.13 2.22 29.96 32.18 NOTE
r-devel-linux-x86_64-fedora-clang 0.2.13 60.41 NOTE
r-devel-linux-x86_64-fedora-gcc 0.2.13 59.67 NOTE
r-devel-windows-x86_64 0.2.13 19.00 90.00 109.00 NOTE
r-patched-linux-x86_64 0.2.13 7.41 38.20 45.61 NOTE
r-release-linux-x86_64 0.2.13 2.17 38.19 40.36 NOTE
r-release-macos-arm64 0.2.13 25.00 NOTE
r-release-macos-x86_64 0.2.13 42.00 NOTE
r-release-windows-x86_64 0.2.13 25.00 93.00 118.00 NOTE
r-oldrel-macos-arm64 0.2.13 30.00 NOTE
r-oldrel-macos-x86_64 0.2.13 41.00 NOTE
r-oldrel-windows-ix86+x86_64 0.2.13 7.00 64.00 71.00 NOTE

Check Details

Version: 0.2.13
Check: LazyData
Result: NOTE
     'LazyData' is specified without a 'data' directory
Flavors: r-devel-linux-x86_64-debian-clang, r-devel-linux-x86_64-debian-gcc, r-devel-linux-x86_64-fedora-clang, r-devel-linux-x86_64-fedora-gcc, r-devel-windows-x86_64, r-patched-linux-x86_64, r-release-linux-x86_64, r-release-macos-arm64, r-release-macos-x86_64, r-release-windows-x86_64, r-oldrel-macos-arm64, r-oldrel-macos-x86_64, r-oldrel-windows-ix86+x86_64