CRAN Package Check Results for Package textmineR

Last updated on 2020-07-07 02:08:38 CEST.

Flavor Version Tinstall Tcheck Ttotal Status Flags
r-devel-linux-x86_64-debian-clang 3.0.4 112.07 112.16 224.23 OK --no-vignettes
r-devel-linux-x86_64-debian-gcc 3.0.4 83.03 84.68 167.71 OK --no-vignettes
r-devel-linux-x86_64-fedora-clang 3.0.4 594.15 NOTE
r-devel-linux-x86_64-fedora-gcc 3.0.4 587.78 OK
r-devel-windows-ix86+x86_64 3.0.4 221.00 646.00 867.00 OK
r-patched-linux-x86_64 3.0.4 81.78 108.53 190.31 OK --no-vignettes
r-patched-solaris-x86 3.0.4 716.70 OK
r-release-linux-x86_64 3.0.4 86.29 108.18 194.47 OK --no-vignettes
r-release-osx-x86_64 3.0.4 NOTE
r-release-windows-ix86+x86_64 3.0.4 221.00 566.00 787.00 OK
r-oldrel-osx-x86_64 3.0.4 NOTE
r-oldrel-windows-ix86+x86_64 3.0.4 207.00 745.00 952.00 OK

Check Details

Version: 3.0.4
Check: installed package size
Result: NOTE
     installed size is 5.9Mb
     sub-directories of 1Mb or more:
     libs 4.1Mb
Flavors: r-devel-linux-x86_64-fedora-clang, r-release-osx-x86_64, r-oldrel-osx-x86_64

Version: 3.0.4
Check: Rd cross-references
Result: NOTE
    Undeclared package ‘tm’ in Rd xrefs
Flavor: r-devel-linux-x86_64-fedora-clang