CRAN Package Check Results for Package textmineR

Last updated on 2019-12-05 00:52:17 CET.

Flavor Version Tinstall Tcheck Ttotal Status Flags
r-devel-linux-x86_64-debian-clang 3.0.4 105.35 103.19 208.54 OK --no-vignettes
r-devel-linux-x86_64-debian-gcc 3.0.4 71.12 77.01 148.13 OK --no-vignettes
r-devel-linux-x86_64-fedora-clang 3.0.4 576.81 NOTE
r-devel-linux-x86_64-fedora-gcc 3.0.4 550.49 OK
r-devel-windows-ix86+x86_64 3.0.4 189.00 703.00 892.00 OK
r-devel-windows-ix86+x86_64-gcc8 3.0.4 200.00 597.00 797.00 OK
r-patched-linux-x86_64 3.0.4 77.28 94.70 171.98 OK --no-vignettes
r-patched-solaris-x86 3.0.4 661.90 OK
r-release-linux-x86_64 3.0.4 77.19 100.32 177.51 OK --no-vignettes
r-release-windows-ix86+x86_64 3.0.4 183.00 542.00 725.00 OK
r-release-osx-x86_64 3.0.4 NOTE
r-oldrel-windows-ix86+x86_64 3.0.4 180.00 548.00 728.00 OK
r-oldrel-osx-x86_64 3.0.4 OK

Check Details

Version: 3.0.4
Check: installed package size
Result: NOTE
     installed size is 5.4Mb
     sub-directories of 1Mb or more:
     libs 3.6Mb
Flavors: r-devel-linux-x86_64-fedora-clang, r-release-osx-x86_64