CRAN Package Check Results for Package textreadr

Last updated on 2020-10-22 02:49:52 CEST.

Flavor Version Tinstall Tcheck Ttotal Status Flags
r-devel-linux-x86_64-debian-clang 1.0.2 3.91 36.76 40.67 OK
r-devel-linux-x86_64-debian-gcc 1.0.2 3.06 27.54 30.60 OK
r-devel-linux-x86_64-fedora-clang 1.0.2 55.44 OK
r-devel-linux-x86_64-fedora-gcc 1.0.2 45.92 OK
r-devel-windows-ix86+x86_64 1.0.2 8.00 53.00 61.00 OK
r-patched-linux-x86_64 1.0.2 4.11 33.93 38.04 OK
r-patched-solaris-x86 1.0.2 71.90 NOTE
r-release-linux-x86_64 1.0.2 3.27 34.06 37.33 OK
r-release-macos-x86_64 1.0.2 OK
r-release-windows-ix86+x86_64 1.0.2 7.00 46.00 53.00 OK
r-oldrel-macos-x86_64 1.0.2 OK
r-oldrel-windows-ix86+x86_64 1.0.2 6.00 39.00 45.00 OK

Check Details

Version: 1.0.2
Check: package dependencies
Result: NOTE
    Package suggested but not available for checking: ‘tesseract’
Flavor: r-patched-solaris-x86