CRAN Package Check Results for Package textreadr

Last updated on 2022-08-13 02:51:44 CEST.

Flavor Version Tinstall Tcheck Ttotal Status Flags
r-devel-linux-x86_64-debian-clang 1.2.0 4.04 43.52 47.56 NOTE
r-devel-linux-x86_64-debian-gcc 1.2.0 3.36 32.13 35.49 NOTE
r-devel-linux-x86_64-fedora-clang 1.2.0 65.86 OK
r-devel-linux-x86_64-fedora-gcc 1.2.0 64.72 OK
r-devel-windows-x86_64 1.2.0 56.00 73.00 129.00 OK
r-patched-linux-x86_64 1.2.0 4.65 40.66 45.31 OK
r-release-linux-x86_64 1.2.0 3.76 40.02 43.78 OK
r-release-macos-arm64 1.2.0 22.00 OK
r-release-macos-x86_64 1.2.0 33.00 OK
r-release-windows-x86_64 1.2.0 54.00 76.00 130.00 OK
r-oldrel-macos-arm64 1.2.0 34.00 OK
r-oldrel-macos-x86_64 1.2.0 32.00 OK
r-oldrel-windows-ix86+x86_64 1.2.0 10.00 64.00 74.00 OK

Check Details

Version: 1.2.0
Check: HTML version of manual
Result: NOTE
    Found the following HTML validation problems:
    read_transcript.html:174:4: Warning: <a> converting backslash in URI to slash
Flavors: r-devel-linux-x86_64-debian-clang, r-devel-linux-x86_64-debian-gcc