Last updated on 2025-01-19 08:49:20 CET.
Flavor | Version | Tinstall | Tcheck | Ttotal | Status | Flags |
---|---|---|---|---|---|---|
r-devel-linux-x86_64-debian-clang | 0.1.5 | 15.36 | 63.98 | 79.34 | NOTE | |
r-devel-linux-x86_64-debian-gcc | 0.1.5 | 13.05 | 56.01 | 69.06 | NOTE | |
r-devel-linux-x86_64-fedora-clang | 0.1.5 | 127.73 | NOTE | |||
r-devel-linux-x86_64-fedora-gcc | 0.1.5 | 148.00 | NOTE | |||
r-devel-windows-x86_64 | 0.1.5 | 21.00 | 139.00 | 160.00 | NOTE | |
r-patched-linux-x86_64 | 0.1.5 | 19.60 | 62.25 | 81.85 | NOTE | |
r-release-linux-x86_64 | 0.1.5 | 18.86 | 62.95 | 81.81 | NOTE | |
r-release-macos-arm64 | 0.1.5 | 44.00 | NOTE | |||
r-release-macos-x86_64 | 0.1.5 | 83.00 | NOTE | |||
r-release-windows-x86_64 | 0.1.5 | 21.00 | 139.00 | 160.00 | NOTE | |
r-oldrel-macos-arm64 | 0.1.5 | 46.00 | OK | |||
r-oldrel-macos-x86_64 | 0.1.5 | 74.00 | OK | |||
r-oldrel-windows-x86_64 | 0.1.5 | 23.00 | 141.00 | 164.00 | OK |
Version: 0.1.5
Check: Rd files
Result: NOTE
checkRd: (-1) make.phrase.matrix.Rd:20: Lost braces
20 | \\tabular{rrrrr}{
| ^
checkRd: (-1) make.phrase.matrix.Rd:20-23: Lost braces
20 | \\tabular{rrrrr}{
| ^
Flavors: r-devel-linux-x86_64-debian-clang, r-devel-linux-x86_64-debian-gcc, r-devel-linux-x86_64-fedora-clang, r-devel-linux-x86_64-fedora-gcc, r-devel-windows-x86_64, r-patched-linux-x86_64, r-release-linux-x86_64, r-release-macos-arm64, r-release-macos-x86_64, r-release-windows-x86_64