CRAN Package Check Results for Package textshape

Last updated on 2024-02-20 09:00:47 CET.

Flavor Version Tinstall Tcheck Ttotal Status Flags
r-devel-linux-x86_64-debian-clang 1.7.3 NOTE
r-devel-linux-x86_64-debian-gcc 1.7.3 3.40 35.18 38.58 NOTE
r-devel-linux-x86_64-fedora-clang 1.7.3 64.20 NOTE
r-devel-linux-x86_64-fedora-gcc 1.7.3 61.13 NOTE
r-devel-windows-x86_64 1.7.3 5.00 62.00 67.00 NOTE
r-patched-linux-x86_64 1.7.3 4.69 45.96 50.65 NOTE
r-release-linux-x86_64 1.7.3 4.82 45.51 50.33 NOTE
r-release-macos-arm64 1.7.3 27.00 NOTE
r-release-macos-x86_64 1.7.3 35.00 NOTE
r-release-windows-x86_64 1.7.3 5.00 68.00 73.00 NOTE
r-oldrel-macos-arm64 1.7.3 24.00 OK
r-oldrel-windows-x86_64 1.7.3 6.00 70.00 76.00 NOTE

Check Details

Version: 1.7.3
Check: Rd cross-references
Result: NOTE Unknown package ‘textreadr’ in Rd xrefs Flavors: r-devel-linux-x86_64-debian-clang, r-devel-linux-x86_64-debian-gcc, r-devel-linux-x86_64-fedora-gcc, r-devel-windows-x86_64, r-patched-linux-x86_64, r-release-linux-x86_64, r-release-macos-arm64, r-release-macos-x86_64, r-release-windows-x86_64, r-oldrel-windows-x86_64

Version: 1.7.3
Check: Rd cross-references
Result: NOTE Undeclared packages ‘tm’, ‘textreadr’ in Rd xrefs Unknown package ‘textreadr’ in Rd xrefs Flavor: r-devel-linux-x86_64-fedora-clang