CRAN Package Check Results for Package tfarima

Last updated on 2022-06-25 01:49:13 CEST.

Flavor Version Tinstall Tcheck Ttotal Status Flags
r-devel-linux-x86_64-debian-clang 0.3.2 221.86 70.99 292.85 OK
r-devel-linux-x86_64-debian-gcc 0.3.2 170.46 53.35 223.81 OK
r-devel-linux-x86_64-fedora-clang 0.3.2 447.05 NOTE
r-devel-linux-x86_64-fedora-gcc 0.3.2 381.88 OK
r-devel-windows-x86_64 0.3.2 199.00 140.00 339.00 OK
r-patched-linux-x86_64 0.3.2 179.83 68.91 248.74 OK
r-release-linux-x86_64 0.3.2 187.88 68.65 256.53 OK
r-release-macos-arm64 0.3.2 102.00 NOTE
r-release-macos-x86_64 0.3.2 113.00 NOTE
r-release-windows-x86_64 0.3.2 194.00 138.00 332.00 OK
r-oldrel-macos-arm64 0.3.2 105.00 NOTE
r-oldrel-macos-x86_64 0.3.2 118.00 NOTE
r-oldrel-windows-ix86+x86_64 0.3.2 544.00 120.00 664.00 OK

Check Details

Version: 0.3.2
Check: installed package size
Result: NOTE
     installed size is 5.2Mb
     sub-directories of 1Mb or more:
     libs 4.5Mb
Flavors: r-devel-linux-x86_64-fedora-clang, r-release-macos-arm64, r-release-macos-x86_64, r-oldrel-macos-arm64, r-oldrel-macos-x86_64