CRAN Package Check Results for Package tgp

Last updated on 2020-04-08 01:49:14 CEST.

Flavor Version Tinstall Tcheck Ttotal Status Flags
r-devel-linux-x86_64-debian-clang 2.4-14 29.60 273.72 303.32 OK --no-vignettes
r-devel-linux-x86_64-debian-gcc 2.4-14 19.83 212.37 232.20 OK --no-vignettes
r-devel-linux-x86_64-fedora-clang 2.4-14 399.34 NOTE --no-vignettes
r-devel-linux-x86_64-fedora-gcc 2.4-14 367.89 NOTE --no-vignettes
r-devel-windows-ix86+x86_64 2.4-14 66.00 96.00 162.00 OK --no-examples --no-tests --no-vignettes
r-devel-windows-ix86+x86_64-gcc8 2.4-14 77.00 59.00 136.00 OK --no-examples --no-tests --no-vignettes
r-patched-linux-x86_64 2.4-14 23.50 273.22 296.72 OK --no-vignettes
r-patched-solaris-x86 2.4-14 456.30 OK --no-vignettes
r-release-linux-x86_64 2.4-14 21.97 272.53 294.50 OK --no-vignettes
r-release-windows-ix86+x86_64 2.4-14 72.00 89.00 161.00 OK --no-examples --no-tests --no-vignettes
r-release-osx-x86_64 2.4-14 OK --no-vignettes
r-oldrel-windows-ix86+x86_64 2.4-14 85.00 58.00 143.00 OK --no-examples --no-tests --no-vignettes
r-oldrel-osx-x86_64 2.4-14 OK --no-vignettes

Check Details

Version: 2.4-14
Flags: --no-vignettes
Check: compiled code
Result: NOTE
    File ‘tgp/libs/tgp.so’:
     Found no calls to: ‘R_registerRoutines’, ‘R_useDynamicSymbols’
    
    It is good practice to register native routines and to disable symbol
    search.
    
    See ‘Writing portable packages’ in the ‘Writing R Extensions’ manual.
Flavors: r-devel-linux-x86_64-fedora-clang, r-devel-linux-x86_64-fedora-gcc