Last updated on 2023-10-01 08:52:13 CEST.
Flavor | Version | Tinstall | Tcheck | Ttotal | Status | Flags |
---|---|---|---|---|---|---|
r-devel-linux-x86_64-debian-clang | 2.4-21 | 44.32 | 59.92 | 104.24 | OK | --no-vignettes |
r-devel-linux-x86_64-debian-gcc | 2.4-21 | 28.87 | 45.64 | 74.51 | OK | --no-vignettes |
r-devel-linux-x86_64-fedora-clang | 2.4-21 | 146.22 | NOTE | --no-vignettes | ||
r-devel-linux-x86_64-fedora-gcc | 2.4-21 | 129.73 | OK | --no-vignettes | ||
r-devel-windows-x86_64 | 2.4-21 | 44.00 | 73.00 | 117.00 | OK | --no-examples --no-tests --no-vignettes |
r-patched-linux-x86_64 | 2.4-21 | 38.43 | 59.11 | 97.54 | OK | --no-vignettes |
r-release-linux-x86_64 | 2.4-21 | 42.40 | 58.44 | 100.84 | OK | --no-vignettes |
r-release-macos-arm64 | 2.4-21 | 42.00 | NOTE | --no-vignettes | ||
r-release-macos-x86_64 | 2.4-21 | 65.00 | NOTE | --no-vignettes | ||
r-release-windows-x86_64 | 2.4-21 | 54.00 | 69.00 | 123.00 | OK | --no-examples --no-tests --no-vignettes |
r-oldrel-macos-arm64 | 2.4-21 | 48.00 | NOTE | --no-vignettes | ||
r-oldrel-macos-x86_64 | 2.4-21 | 49.00 | OK | --no-vignettes | ||
r-oldrel-windows-x86_64 | 2.4-21 | 46.00 | 68.00 | 114.00 | OK | --no-examples --no-tests --no-vignettes |
Version: 2.4-21
Flags: --no-vignettes
Check: Rd cross-references
Result: NOTE
Undeclared package ‘akima’ in Rd xrefs
Flavor: r-devel-linux-x86_64-fedora-clang
Version: 2.4-21
Flags: --no-vignettes
Check: installed package size
Result: NOTE
installed size is 5.3Mb
sub-directories of 1Mb or more:
doc 2.7Mb
libs 2.1Mb
Flavors: r-release-macos-arm64, r-release-macos-x86_64, r-oldrel-macos-arm64