CRAN Package Check Results for Package theiaR

Last updated on 2022-06-28 01:51:45 CEST.

Flavor Version Tinstall Tcheck Ttotal Status Flags
r-devel-linux-x86_64-debian-clang 0.4.0 5.10 38.73 43.83 NOTE
r-devel-linux-x86_64-debian-gcc 0.4.0 4.97 30.08 35.05 NOTE
r-devel-linux-x86_64-fedora-clang 0.4.0 63.43 NOTE
r-devel-linux-x86_64-fedora-gcc 0.4.0 64.10 NOTE
r-devel-windows-x86_64 0.4.0 13.00 67.00 80.00 NOTE
r-patched-linux-x86_64 0.4.0 5.90 38.45 44.35 NOTE
r-release-linux-x86_64 0.4.0 5.26 38.65 43.91 NOTE
r-release-macos-arm64 0.4.0 20.00 NOTE
r-release-macos-x86_64 0.4.0 73.00 NOTE
r-release-windows-x86_64 0.4.0 16.00 65.00 81.00 NOTE
r-oldrel-macos-arm64 0.4.0 23.00 NOTE
r-oldrel-macos-x86_64 0.4.0 30.00 NOTE
r-oldrel-windows-ix86+x86_64 0.4.0 10.00 57.00 67.00 NOTE

Check Details

Version: 0.4.0
Check: LazyData
Result: NOTE
     'LazyData' is specified without a 'data' directory
Flavors: r-devel-linux-x86_64-debian-clang, r-devel-linux-x86_64-debian-gcc, r-devel-linux-x86_64-fedora-clang, r-devel-linux-x86_64-fedora-gcc, r-devel-windows-x86_64, r-patched-linux-x86_64, r-release-linux-x86_64, r-release-macos-arm64, r-release-macos-x86_64, r-release-windows-x86_64, r-oldrel-macos-arm64, r-oldrel-macos-x86_64, r-oldrel-windows-ix86+x86_64