CRAN Package Check Results for Package theiaR

Last updated on 2022-01-16 01:07:17 CET.

Flavor Version Tinstall Tcheck Ttotal Status Flags
r-devel-linux-x86_64-debian-clang 0.4.0 3.99 45.43 49.42 NOTE
r-devel-linux-x86_64-debian-gcc 0.4.0 4.72 34.95 39.67 NOTE
r-devel-linux-x86_64-fedora-clang 0.4.0 61.63 NOTE
r-devel-linux-x86_64-fedora-gcc 0.4.0 51.23 NOTE
r-devel-windows-x86_64-new-UL 0.4.0 21.00 69.00 90.00 NOTE
r-devel-windows-x86_64-new-TK 0.4.0 NOTE
r-patched-linux-x86_64 0.4.0 6.48 42.63 49.11 NOTE
r-release-linux-x86_64 0.4.0 4.80 42.44 47.24 NOTE
r-release-macos-arm64 0.4.0 NOTE
r-release-macos-x86_64 0.4.0 NOTE
r-release-windows-ix86+x86_64 0.4.0 11.00 54.00 65.00 NOTE
r-oldrel-macos-x86_64 0.4.0 OK
r-oldrel-windows-ix86+x86_64 0.4.0 10.00 55.00 65.00 OK

Check Details

Version: 0.4.0
Check: LazyData
Result: NOTE
     'LazyData' is specified without a 'data' directory
Flavors: r-devel-linux-x86_64-debian-clang, r-devel-linux-x86_64-debian-gcc, r-devel-linux-x86_64-fedora-clang, r-devel-linux-x86_64-fedora-gcc, r-devel-windows-x86_64-new-UL, r-devel-windows-x86_64-new-TK, r-patched-linux-x86_64, r-release-linux-x86_64, r-release-macos-arm64, r-release-macos-x86_64, r-release-windows-ix86+x86_64

Version: 0.4.0
Check: package dependencies
Result: NOTE
    Package suggested but not available for checking: 'gdalcubes'
Flavor: r-devel-windows-x86_64-new-TK