CRAN Package Check Results for Package thinkr

Last updated on 2020-07-10 01:49:15 CEST.

Flavor Version Tinstall Tcheck Ttotal Status Flags
r-devel-linux-x86_64-debian-clang 0.13 3.70 2.60 6.30 ERROR
r-devel-linux-x86_64-debian-gcc 0.15 8.41 62.02 70.43 OK
r-devel-linux-x86_64-fedora-clang 0.15 121.25 NOTE
r-devel-linux-x86_64-fedora-gcc 0.15 107.93 NOTE
r-devel-windows-ix86+x86_64 0.15 33.00 131.00 164.00 OK
r-patched-linux-x86_64 0.15 11.29 78.77 90.06 OK
r-patched-solaris-x86 0.15 142.10 NOTE
r-release-linux-x86_64 0.15 10.95 79.38 90.33 OK
r-release-osx-x86_64 0.15 NOTE
r-release-windows-ix86+x86_64 0.15 33.00 155.00 188.00 OK
r-oldrel-osx-x86_64 0.15 NOTE
r-oldrel-windows-ix86+x86_64 0.13 5.00 7.00 12.00 ERROR

Check Details

Version: 0.13
Check: whether package can be installed
Result: ERROR
    Installation failed.
Flavors: r-devel-linux-x86_64-debian-clang, r-oldrel-windows-ix86+x86_64

Version: 0.15
Check: dependencies in R code
Result: NOTE
    Namespaces in Imports field not imported from:
     ‘crayon’ ‘purrr’ ‘readr’
     All declared Imports should be used.
Flavors: r-devel-linux-x86_64-fedora-clang, r-devel-linux-x86_64-fedora-gcc, r-patched-solaris-x86, r-release-osx-x86_64, r-oldrel-osx-x86_64