CRAN Package Check Results for Package threewords

Last updated on 2024-04-15 10:31:41 CEST.

Flavor Version Tinstall Tcheck Ttotal Status Flags
r-devel-linux-x86_64-debian-clang 0.1.0 1.96 21.11 23.07 NOTE
r-devel-linux-x86_64-debian-gcc 0.1.0 1.62 16.73 18.35 NOTE
r-devel-linux-x86_64-fedora-clang 0.1.0 30.10 NOTE
r-devel-linux-x86_64-fedora-gcc 0.1.0 29.93 NOTE
r-prerel-macos-arm64 0.1.0 15.00 NOTE
r-prerel-windows-x86_64 0.1.0 3.00 39.00 42.00 NOTE
r-patched-linux-x86_64 0.1.0 1.68 20.33 22.01 NOTE
r-release-linux-x86_64 0.1.0 1.93 20.32 22.25 NOTE
r-release-macos-arm64 0.1.0 17.00 NOTE
r-release-macos-x86_64 0.1.0 18.00 NOTE
r-release-windows-x86_64 0.1.0 3.00 37.00 40.00 NOTE
r-oldrel-macos-arm64 0.1.0 13.00 NOTE
r-oldrel-windows-x86_64 0.1.0 3.00 41.00 44.00 NOTE

Check Details

Version: 0.1.0
Check: LazyData
Result: NOTE 'LazyData' is specified without a 'data' directory Flavors: r-devel-linux-x86_64-debian-clang, r-devel-linux-x86_64-debian-gcc, r-devel-linux-x86_64-fedora-clang, r-devel-linux-x86_64-fedora-gcc, r-prerel-macos-arm64, r-prerel-windows-x86_64, r-patched-linux-x86_64, r-release-linux-x86_64, r-release-macos-arm64, r-release-macos-x86_64, r-release-windows-x86_64, r-oldrel-macos-arm64, r-oldrel-windows-x86_64