CRAN Package Check Results for Package threewords

Last updated on 2022-07-02 01:49:10 CEST.

Flavor Version Tinstall Tcheck Ttotal Status Flags
r-devel-linux-x86_64-debian-clang 0.1.0 2.00 21.36 23.36 NOTE
r-devel-linux-x86_64-debian-gcc 0.1.0 1.66 17.20 18.86 NOTE
r-devel-linux-x86_64-fedora-clang 0.1.0 39.68 NOTE
r-devel-linux-x86_64-fedora-gcc 0.1.0 38.47 NOTE
r-devel-windows-x86_64 0.1.0 8.00 54.00 62.00 NOTE
r-patched-linux-x86_64 0.1.0 1.71 20.92 22.63 NOTE
r-release-linux-x86_64 0.1.0 2.00 22.03 24.03 NOTE
r-release-macos-arm64 0.1.0 13.00 NOTE
r-release-macos-x86_64 0.1.0 21.00 NOTE
r-release-windows-x86_64 0.1.0 8.00 51.00 59.00 NOTE
r-oldrel-macos-arm64 0.1.0 20.00 NOTE
r-oldrel-macos-x86_64 0.1.0 21.00 NOTE
r-oldrel-windows-ix86+x86_64 0.1.0 6.00 43.00 49.00 NOTE

Check Details

Version: 0.1.0
Check: LazyData
Result: NOTE
     'LazyData' is specified without a 'data' directory
Flavors: r-devel-linux-x86_64-debian-clang, r-devel-linux-x86_64-debian-gcc, r-devel-linux-x86_64-fedora-clang, r-devel-linux-x86_64-fedora-gcc, r-devel-windows-x86_64, r-patched-linux-x86_64, r-release-linux-x86_64, r-release-macos-arm64, r-release-macos-x86_64, r-release-windows-x86_64, r-oldrel-macos-arm64, r-oldrel-macos-x86_64, r-oldrel-windows-ix86+x86_64