CRAN Package Check Results for Package tidyMicro

Last updated on 2021-04-12 02:47:58 CEST.

Flavor Version Tinstall Tcheck Ttotal Status Flags
r-devel-linux-x86_64-debian-clang 1.47 18.29 304.06 322.35 OK
r-devel-linux-x86_64-debian-gcc 1.47 14.80 222.94 237.74 OK
r-devel-linux-x86_64-fedora-clang 1.47 371.05 NOTE
r-devel-linux-x86_64-fedora-gcc 1.47 284.37 NOTE
r-devel-windows-ix86+x86_64 1.47 38.00 346.00 384.00 OK
r-devel-windows-x86_64-gcc10-UCRT 1.47 NOTE
r-patched-linux-x86_64 1.47 17.16 287.66 304.82 OK
r-patched-solaris-x86 1.47 542.30 NOTE
r-release-linux-x86_64 1.47 16.19 288.30 304.49 OK
r-release-macos-x86_64 1.47 NOTE
r-release-windows-ix86+x86_64 1.47 38.00 357.00 395.00 OK
r-oldrel-macos-x86_64 1.47 NOTE
r-oldrel-windows-ix86+x86_64 1.47 23.00 261.00 284.00 OK

Check Details

Version: 1.47
Check: package dependencies
Result: NOTE
    Imports includes 30 non-default packages.
    Importing from so many packages makes the package vulnerable to any of
    them becoming unavailable. Move as many as possible to Suggests and
    use conditionally.
Flavor: r-devel-linux-x86_64-fedora-clang

Version: 1.47
Check: dependencies in R code
Result: NOTE
    Namespaces in Imports field not imported from:
     ‘Evomorph’ ‘cowplot’ ‘factoextra’ ‘gridExtra’ ‘lme4’ ‘lsr’ ‘plotly’
     ‘png’ ‘shapes’
     All declared Imports should be used.
Flavors: r-devel-linux-x86_64-fedora-clang, r-devel-linux-x86_64-fedora-gcc, r-devel-windows-x86_64-gcc10-UCRT, r-patched-solaris-x86, r-release-macos-x86_64, r-oldrel-macos-x86_64