CRAN Package Check Results for Package tidyUSDA

Last updated on 2020-08-13 01:55:25 CEST.

Flavor Version Tinstall Tcheck Ttotal Status Flags
r-devel-linux-x86_64-debian-clang 0.2.9 0.49 2.54 3.03 ERROR
r-devel-linux-x86_64-debian-gcc 0.2.9 2.73 28.40 31.13 OK
r-devel-linux-x86_64-fedora-clang 0.2.9 55.27 NOTE
r-devel-linux-x86_64-fedora-gcc 0.2.9 54.44 NOTE
r-devel-windows-ix86+x86_64 0.2.9 12.00 75.00 87.00 OK
r-patched-linux-x86_64 0.2.9 3.51 34.69 38.20 OK
r-patched-solaris-x86 0.2.9 78.70 NOTE
r-release-linux-x86_64 0.2.9 0.52 2.64 3.16 ERROR
r-release-macos-x86_64 0.2.9 NOTE
r-release-windows-ix86+x86_64 0.2.9 16.00 77.00 93.00 OK
r-oldrel-macos-x86_64 0.2.9 NOTE
r-oldrel-windows-ix86+x86_64 0.2.9 6.00 60.00 66.00 OK

Check Details

Version: 0.2.9
Check: package dependencies
Result: ERROR
    Package required but not available: 'fuzzyjoin'
    
    See section 'The DESCRIPTION file' in the 'Writing R Extensions'
    manual.
Flavors: r-devel-linux-x86_64-debian-clang, r-release-linux-x86_64

Version: 0.2.9
Check: dependencies in R code
Result: NOTE
    Namespaces in Imports field not imported from:
     ‘curl’ ‘keyring’ ‘nlme’ ‘rgdal’ ‘stringi’ ‘usethis’
     All declared Imports should be used.
Flavors: r-devel-linux-x86_64-fedora-clang, r-devel-linux-x86_64-fedora-gcc, r-patched-solaris-x86, r-release-macos-x86_64, r-oldrel-macos-x86_64