CRAN Package Check Results for Package tidyUSDA

Last updated on 2021-05-14 01:48:54 CEST.

Flavor Version Tinstall Tcheck Ttotal Status Flags
r-devel-linux-x86_64-debian-clang 0.3.1 3.33 39.37 42.70 OK
r-devel-linux-x86_64-debian-gcc 0.3.1 2.73 31.06 33.79 OK
r-devel-linux-x86_64-fedora-clang 0.3.1 61.70 NOTE
r-devel-linux-x86_64-fedora-gcc 0.3.1 59.94 NOTE
r-devel-windows-ix86+x86_64 0.3.1 10.00 50.00 60.00 OK
r-devel-windows-x86_64-gcc10-UCRT 0.3.1 NOTE
r-patched-linux-x86_64 0.3.1 3.40 38.82 42.22 OK
r-patched-solaris-x86 0.3.1 86.80 NOTE
r-release-linux-x86_64 0.3.1 3.30 37.77 41.07 OK
r-release-macos-x86_64 0.3.1 NOTE
r-release-windows-ix86+x86_64 0.3.1 7.00 74.00 81.00 OK
r-oldrel-macos-x86_64 0.3.1 NOTE
r-oldrel-windows-ix86+x86_64 0.3.1 6.00 68.00 74.00 OK

Check Details

Version: 0.3.1
Check: dependencies in R code
Result: NOTE
    Namespaces in Imports field not imported from:
     ‘brio’ ‘curl’ ‘diffobj’ ‘gitcreds’ ‘keyring’ ‘nlme’ ‘rgdal’ ‘stringi’
     ‘usethis’ ‘waldo’
     All declared Imports should be used.
Flavors: r-devel-linux-x86_64-fedora-clang, r-devel-linux-x86_64-fedora-gcc, r-devel-windows-x86_64-gcc10-UCRT, r-patched-solaris-x86, r-release-macos-x86_64, r-oldrel-macos-x86_64