Last updated on 2023-02-07 00:54:32 CET.
Flavor | Version | Tinstall | Tcheck | Ttotal | Status | Flags |
---|---|---|---|---|---|---|
r-devel-linux-x86_64-debian-clang | 0.1.0 | 3.26 | 43.53 | 46.79 | OK | |
r-devel-linux-x86_64-debian-gcc | 0.1.0 | 2.00 | 33.02 | 35.02 | OK | |
r-devel-linux-x86_64-fedora-clang | 0.1.0 | 60.13 | NOTE | |||
r-devel-linux-x86_64-fedora-gcc | 0.1.0 | 68.61 | NOTE | |||
r-devel-windows-x86_64 | 0.1.0 | 18.00 | 89.00 | 107.00 | OK | |
r-patched-linux-x86_64 | 0.1.0 | 3.17 | 40.61 | 43.78 | OK | |
r-release-linux-x86_64 | 0.1.0 | 2.79 | 44.21 | 47.00 | OK | |
r-release-macos-arm64 | 0.1.0 | 22.00 | NOTE | |||
r-release-macos-x86_64 | 0.1.0 | 36.00 | NOTE | |||
r-release-windows-x86_64 | 0.1.0 | 20.00 | 77.00 | 97.00 | OK | |
r-oldrel-macos-arm64 | 0.1.0 | 26.00 | NOTE | |||
r-oldrel-macos-x86_64 | 0.1.0 | 32.00 | NOTE | |||
r-oldrel-windows-ix86+x86_64 | 0.1.0 | 9.00 | 77.00 | 86.00 | OK |
Version: 0.1.0
Check: dependencies in R code
Result: NOTE
Namespaces in Imports field not imported from:
‘badger’ ‘ggplot2’ ‘lubridate’ ‘scales’ ‘xgboost’
All declared Imports should be used.
Flavors: r-devel-linux-x86_64-fedora-clang, r-devel-linux-x86_64-fedora-gcc, r-release-macos-arm64, r-release-macos-x86_64, r-oldrel-macos-arm64, r-oldrel-macos-x86_64